CRAN Package Check Results for Package MLRShiny

Last updated on 2019-07-15 00:50:40 CEST.

Flavor Version Tinstall Tcheck Ttotal Status Flags
r-devel-linux-x86_64-debian-clang 0.1.0 1.66 16.37 18.03 OK
r-devel-linux-x86_64-debian-gcc 0.1.0 1.47 13.46 14.93 OK
r-devel-linux-x86_64-fedora-clang 0.1.0 22.82 NOTE
r-devel-linux-x86_64-fedora-gcc 0.1.0 21.03 NOTE
r-devel-windows-ix86+x86_64 0.1.0 5.00 28.00 33.00 OK
r-patched-linux-x86_64 0.1.0 1.72 16.33 18.05 OK
r-patched-solaris-x86 0.1.0 38.50 NOTE
r-release-linux-x86_64 0.1.0 1.68 16.29 17.97 OK
r-release-windows-ix86+x86_64 0.1.0 5.00 31.00 36.00 OK
r-release-osx-x86_64 0.1.0 NOTE
r-oldrel-windows-ix86+x86_64 0.1.0 3.00 40.00 43.00 OK
r-oldrel-osx-x86_64 0.1.0 NOTE

Check Details

Version: 0.1.0
Check: dependencies in R code
Result: NOTE
    Namespaces in Imports field not imported from:
     ‘QuantPsyc’ ‘corrgram’ ‘dplyr’ ‘forecast’ ‘psych’ ‘shinyAce’
     All declared Imports should be used.
Flavors: r-devel-linux-x86_64-fedora-clang, r-devel-linux-x86_64-fedora-gcc, r-patched-solaris-x86, r-release-osx-x86_64, r-oldrel-osx-x86_64