Last updated on 2022-06-29 23:53:24 CEST.
Flavor | Version | Tinstall | Tcheck | Ttotal | Status | Flags |
---|---|---|---|---|---|---|
r-devel-linux-x86_64-debian-clang | 0.4.901 | 3.36 | 56.13 | 59.49 | NOTE | |
r-devel-linux-x86_64-debian-gcc | 0.4.901 | 2.86 | 43.30 | 46.16 | NOTE | |
r-devel-linux-x86_64-fedora-clang | 0.4.901 | 87.64 | NOTE | |||
r-devel-linux-x86_64-fedora-gcc | 0.4.901 | 85.91 | NOTE | |||
r-devel-windows-x86_64 | 0.4.901 | 24.00 | 116.00 | 140.00 | NOTE | |
r-patched-linux-x86_64 | 0.4.901 | 3.96 | 53.54 | 57.50 | OK | |
r-release-linux-x86_64 | 0.4.901 | 3.31 | 54.64 | 57.95 | OK | |
r-release-macos-arm64 | 0.4.901 | 30.00 | OK | |||
r-release-macos-x86_64 | 0.4.901 | 42.00 | OK | |||
r-release-windows-x86_64 | 0.4.901 | 29.00 | 110.00 | 139.00 | OK | |
r-oldrel-macos-arm64 | 0.4.901 | 28.00 | OK | |||
r-oldrel-macos-x86_64 | 0.4.901 | 39.00 | OK | |||
r-oldrel-windows-ix86+x86_64 | 0.4.901 | 8.00 | 89.00 | 97.00 | OK |
Version: 0.4.901
Check: Rd files
Result: NOTE
checkRd: (-1) AutumnLab.Rd:27: Escaped LaTeX specials: \&
checkRd: (-1) binom.diagnostics.Rd:34: Escaped LaTeX specials: \&
Flavors: r-devel-linux-x86_64-debian-clang, r-devel-linux-x86_64-debian-gcc, r-devel-linux-x86_64-fedora-clang, r-devel-linux-x86_64-fedora-gcc, r-devel-windows-x86_64