CRAN Package Check Results for Package MIRES

Last updated on 2024-06-22 00:58:02 CEST.

Flavor Version Tinstall Tcheck Ttotal Status Flags
r-devel-linux-x86_64-debian-clang 0.1.0 1223.26 279.03 1502.29 NOTE
r-devel-linux-x86_64-debian-gcc 0.1.0 990.40 284.96 1275.36 NOTE
r-devel-linux-x86_64-fedora-clang 0.1.0 1784.96 NOTE
r-devel-linux-x86_64-fedora-gcc 0.1.0 2529.48 NOTE
r-devel-windows-x86_64 0.1.0 864.00 297.00 1161.00 NOTE
r-patched-linux-x86_64 0.1.0 829.86 391.03 1220.89 NOTE
r-release-linux-x86_64 0.1.0 0.01 2.77 2.78 ERROR
r-release-macos-arm64 0.1.0 434.00 NOTE
r-release-macos-x86_64 0.1.0 413.00 NOTE
r-release-windows-x86_64 0.1.0 874.00 314.00 1188.00 NOTE
r-oldrel-macos-arm64 0.1.0 447.00 NOTE
r-oldrel-macos-x86_64 0.1.0 708.00 NOTE
r-oldrel-windows-x86_64 0.1.0 1149.00 369.00 1518.00 NOTE

Check Details

Version: 0.1.0
Check: for GNU extensions in Makefiles
Result: NOTE GNU make is a SystemRequirements. Flavors: r-devel-linux-x86_64-debian-clang, r-devel-linux-x86_64-debian-gcc, r-devel-linux-x86_64-fedora-clang, r-devel-linux-x86_64-fedora-gcc, r-devel-windows-x86_64, r-patched-linux-x86_64, r-release-macos-arm64, r-release-macos-x86_64, r-release-windows-x86_64, r-oldrel-macos-arm64, r-oldrel-macos-x86_64, r-oldrel-windows-x86_64

Version: 0.1.0
Check: installed package size
Result: NOTE installed size is 10.6Mb sub-directories of 1Mb or more: libs 9.9Mb Flavors: r-devel-linux-x86_64-fedora-clang, r-devel-windows-x86_64, r-release-macos-arm64, r-release-macos-x86_64, r-release-windows-x86_64, r-oldrel-macos-arm64, r-oldrel-macos-x86_64, r-oldrel-windows-x86_64

Version: 0.1.0
Check: dependencies in R code
Result: NOTE Namespaces in Imports field not imported from: ‘pracma’ ‘rstantools’ All declared Imports should be used. Flavors: r-devel-linux-x86_64-fedora-clang, r-devel-linux-x86_64-fedora-gcc

Version: 0.1.0
Check: whether package can be installed
Result: ERROR Installation failed. Flavor: r-release-linux-x86_64