CRAN Package Check Results for Package MGLM

Last updated on 2019-10-13 23:47:24 CEST.

Flavor Version Tinstall Tcheck Ttotal Status Flags
r-devel-linux-x86_64-debian-clang 0.2.0 7.45 123.78 131.23 NOTE
r-devel-linux-x86_64-debian-gcc 0.2.0 6.32 86.28 92.60 NOTE
r-devel-linux-x86_64-fedora-clang 0.2.0 154.44 OK
r-devel-linux-x86_64-fedora-gcc 0.2.0 145.74 OK
r-devel-windows-ix86+x86_64 0.2.0 18.00 123.00 141.00 NOTE
r-patched-linux-x86_64 0.2.0 6.83 116.78 123.61 OK
r-patched-solaris-x86 0.2.0 188.30 OK
r-release-linux-x86_64 0.2.0 6.90 117.56 124.46 OK
r-release-windows-ix86+x86_64 0.2.0 16.00 170.00 186.00 OK
r-release-osx-x86_64 0.2.0 OK
r-oldrel-windows-ix86+x86_64 0.2.0 9.00 140.00 149.00 OK
r-oldrel-osx-x86_64 0.2.0 OK

Check Details

Version: 0.2.0
Check: package vignettes
Result: NOTE
    Package vignette with placeholder title 'Vignette Title':
     'mglm_vignette.rmd'
Flavors: r-devel-linux-x86_64-debian-clang, r-devel-linux-x86_64-debian-gcc, r-devel-windows-ix86+x86_64