CRAN Package Check Results for Package MGLM

Last updated on 2020-05-24 23:47:48 CEST.

Flavor Version Tinstall Tcheck Ttotal Status Flags
r-devel-linux-x86_64-debian-clang 0.2.0 8.45 133.29 141.74 NOTE
r-devel-linux-x86_64-debian-gcc 0.2.0 7.22 94.21 101.43 NOTE
r-devel-linux-x86_64-fedora-clang 0.2.0 167.32 OK
r-devel-linux-x86_64-fedora-gcc 0.2.0 161.21 OK
r-devel-windows-ix86+x86_64 0.2.0 26.00 138.00 164.00 NOTE
r-patched-linux-x86_64 0.2.0 8.43 129.66 138.09 NOTE
r-patched-solaris-x86 0.2.0 206.70 OK
r-release-linux-x86_64 0.2.0 8.55 129.54 138.09 NOTE
r-release-osx-x86_64 0.2.0 OK
r-release-windows-ix86+x86_64 0.2.0 18.00 179.00 197.00 NOTE
r-oldrel-osx-x86_64 0.2.0 OK
r-oldrel-windows-ix86+x86_64 0.2.0 13.00 171.00 184.00 OK

Check Details

Version: 0.2.0
Check: package vignettes
Result: NOTE
    Package vignette with placeholder title 'Vignette Title':
     'mglm_vignette.rmd'
Flavors: r-devel-linux-x86_64-debian-clang, r-devel-linux-x86_64-debian-gcc, r-devel-windows-ix86+x86_64, r-patched-linux-x86_64, r-release-linux-x86_64, r-release-windows-ix86+x86_64