CRAN Package Check Results for Package MESS

Last updated on 2022-01-23 23:50:22 CET.

Flavor Version Tinstall Tcheck Ttotal Status Flags
r-devel-linux-x86_64-debian-clang 0.5.7 222.76 138.61 361.37 OK
r-devel-linux-x86_64-debian-gcc 0.5.7 178.03 119.07 297.10 OK
r-devel-linux-x86_64-fedora-clang 0.5.7 556.92 NOTE
r-devel-linux-x86_64-fedora-gcc 0.5.7 487.63 OK
r-devel-windows-x86_64-new-UL 0.5.7 228.00 205.00 433.00 OK
r-devel-windows-x86_64-new-TK 0.5.7 NOTE
r-patched-linux-x86_64 0.5.7 172.02 132.83 304.85 OK
r-release-linux-x86_64 0.5.7 171.47 133.55 305.02 OK
r-release-macos-arm64 0.5.7 NOTE
r-release-macos-x86_64 0.5.7 NOTE
r-release-windows-ix86+x86_64 0.5.7 578.00 255.00 833.00 NOTE
r-oldrel-macos-x86_64 0.5.7 NOTE
r-oldrel-windows-ix86+x86_64 0.5.7 580.00 253.00 833.00 NOTE

Check Details

Version: 0.5.7
Check: installed package size
Result: NOTE
     installed size is 8.8Mb
     sub-directories of 1Mb or more:
     data 2.8Mb
     libs 5.6Mb
Flavors: r-devel-linux-x86_64-fedora-clang, r-release-macos-arm64, r-release-macos-x86_64, r-release-windows-ix86+x86_64, r-oldrel-macos-x86_64, r-oldrel-windows-ix86+x86_64

Version: 0.5.7
Check: package dependencies
Result: NOTE
    Package suggested but not available for checking: 'lme4'
Flavor: r-devel-windows-x86_64-new-TK