CRAN Package Check Results for Package MDSPCAShiny

Last updated on 2022-06-29 23:53:23 CEST.

Flavor Version Tinstall Tcheck Ttotal Status Flags
r-devel-linux-x86_64-debian-clang 0.1.0 1.76 19.88 21.64 NOTE
r-devel-linux-x86_64-debian-gcc 0.1.0 1.66 15.87 17.53 NOTE
r-devel-linux-x86_64-fedora-clang 0.1.0 39.37 NOTE
r-devel-linux-x86_64-fedora-gcc 0.1.0 37.00 NOTE
r-devel-windows-x86_64 0.1.0 8.00 47.00 55.00 NOTE
r-patched-linux-x86_64 0.1.0 1.56 19.84 21.40 NOTE
r-release-linux-x86_64 0.1.0 2.05 19.36 21.41 NOTE
r-release-macos-arm64 0.1.0 16.00 NOTE
r-release-macos-x86_64 0.1.0 25.00 NOTE
r-release-windows-x86_64 0.1.0 13.00 44.00 57.00 NOTE
r-oldrel-macos-arm64 0.1.0 17.00 NOTE
r-oldrel-macos-x86_64 0.1.0 20.00 NOTE
r-oldrel-windows-ix86+x86_64 0.1.0 7.00 42.00 49.00 NOTE

Check Details

Version: 0.1.0
Check: LazyData
Result: NOTE
     'LazyData' is specified without a 'data' directory
Flavors: r-devel-linux-x86_64-debian-clang, r-devel-linux-x86_64-debian-gcc, r-devel-linux-x86_64-fedora-clang, r-devel-linux-x86_64-fedora-gcc, r-devel-windows-x86_64, r-patched-linux-x86_64, r-release-linux-x86_64, r-release-macos-arm64, r-release-macos-x86_64, r-release-windows-x86_64, r-oldrel-macos-arm64, r-oldrel-macos-x86_64, r-oldrel-windows-ix86+x86_64

Version: 0.1.0
Check: dependencies in R code
Result: NOTE
    Namespaces in Imports field not imported from:
     ‘MASS’ ‘datasets’ ‘dplyr’ ‘psych’ ‘shiny’
     All declared Imports should be used.
Flavors: r-devel-linux-x86_64-fedora-clang, r-devel-linux-x86_64-fedora-gcc, r-release-macos-arm64, r-release-macos-x86_64, r-oldrel-macos-arm64, r-oldrel-macos-x86_64