CRAN Package Check Results for Package MCSim

Last updated on 2022-07-05 23:55:45 CEST.

Flavor Version Tinstall Tcheck Ttotal Status Flags
r-devel-linux-x86_64-debian-clang 1.0 2.03 25.08 27.11 NOTE
r-devel-linux-x86_64-debian-gcc 1.0 1.86 19.48 21.34 NOTE
r-devel-linux-x86_64-fedora-clang 1.0 45.84 NOTE
r-devel-linux-x86_64-fedora-gcc 1.0 42.75 NOTE
r-devel-windows-x86_64 1.0 10.00 52.00 62.00 NOTE
r-patched-linux-x86_64 1.0 2.18 24.36 26.54 NOTE
r-release-linux-x86_64 1.0 1.97 24.15 26.12 NOTE
r-release-macos-arm64 1.0 16.00 NOTE
r-release-macos-x86_64 1.0 21.00 NOTE
r-release-windows-x86_64 1.0 9.00 52.00 61.00 NOTE
r-oldrel-macos-arm64 1.0 18.00 NOTE
r-oldrel-macos-x86_64 1.0 28.00 NOTE
r-oldrel-windows-ix86+x86_64 1.0 5.00 42.00 47.00 NOTE

Check Details

Version: 1.0
Check: LazyData
Result: NOTE
     'LazyData' is specified without a 'data' directory
Flavors: r-devel-linux-x86_64-debian-clang, r-devel-linux-x86_64-debian-gcc, r-devel-linux-x86_64-fedora-clang, r-devel-linux-x86_64-fedora-gcc, r-devel-windows-x86_64, r-patched-linux-x86_64, r-release-linux-x86_64, r-release-macos-arm64, r-release-macos-x86_64, r-release-windows-x86_64, r-oldrel-macos-arm64, r-oldrel-macos-x86_64, r-oldrel-windows-ix86+x86_64