Last updated on 2021-01-18 23:49:37 CET.
Flavor | Version | Tinstall | Tcheck | Ttotal | Status | Flags |
---|---|---|---|---|---|---|
r-devel-linux-x86_64-debian-clang | 0.4 | 41.33 | 67.07 | 108.40 | OK | |
r-devel-linux-x86_64-debian-gcc | 0.4 | 35.25 | 50.02 | 85.27 | OK | |
r-devel-linux-x86_64-fedora-clang | 0.4 | 158.70 | NOTE | |||
r-devel-linux-x86_64-fedora-gcc | 0.4 | 140.81 | OK | |||
r-devel-windows-ix86+x86_64 | 0.4 | 81.00 | 101.00 | 182.00 | OK | |
r-patched-linux-x86_64 | 0.4 | 40.39 | 62.35 | 102.74 | OK | |
r-patched-solaris-x86 | 0.4 | 157.50 | OK | |||
r-release-linux-x86_64 | 0.4 | 40.26 | 62.80 | 103.06 | OK | |
r-release-macos-x86_64 | 0.4 | NOTE | ||||
r-release-windows-ix86+x86_64 | 0.4 | 83.00 | 116.00 | 199.00 | OK | |
r-oldrel-macos-x86_64 | 0.4 | NOTE | ||||
r-oldrel-windows-ix86+x86_64 | 0.4 | 70.00 | 100.00 | 170.00 | OK |
Version: 0.4
Check: installed package size
Result: NOTE
installed size is 5.9Mb
sub-directories of 1Mb or more:
libs 5.3Mb
Flavors: r-devel-linux-x86_64-fedora-clang, r-release-macos-x86_64, r-oldrel-macos-x86_64