CRAN Package Check Results for Package MCPModGeneral

Last updated on 2022-06-24 23:50:15 CEST.

Flavor Version Tinstall Tcheck Ttotal Status Flags
r-devel-linux-x86_64-debian-clang 0.1-1 3.92 67.02 70.94 NOTE
r-devel-linux-x86_64-debian-gcc 0.1-1 3.10 50.72 53.82 NOTE
r-devel-linux-x86_64-fedora-clang 0.1-1 96.90 NOTE
r-devel-linux-x86_64-fedora-gcc 0.1-1 93.89 NOTE
r-devel-windows-x86_64 0.1-1 33.00 119.00 152.00 NOTE
r-patched-linux-x86_64 0.1-1 4.46 61.80 66.26 NOTE
r-release-linux-x86_64 0.1-1 2.69 62.92 65.61 NOTE
r-release-macos-arm64 0.1-1 33.00 NOTE
r-release-macos-x86_64 0.1-1 40.00 NOTE
r-release-windows-x86_64 0.1-1 30.00 114.00 144.00 NOTE
r-oldrel-macos-arm64 0.1-1 46.00 NOTE
r-oldrel-macos-x86_64 0.1-1 59.00 NOTE
r-oldrel-windows-ix86+x86_64 0.1-1 9.00 110.00 119.00 NOTE

Check Details

Version: 0.1-1
Check: LazyData
Result: NOTE
     'LazyData' is specified without a 'data' directory
Flavors: r-devel-linux-x86_64-debian-clang, r-devel-linux-x86_64-debian-gcc, r-devel-linux-x86_64-fedora-clang, r-devel-linux-x86_64-fedora-gcc, r-devel-windows-x86_64, r-patched-linux-x86_64, r-release-linux-x86_64, r-release-macos-arm64, r-release-macos-x86_64, r-release-windows-x86_64, r-oldrel-macos-arm64, r-oldrel-macos-x86_64, r-oldrel-windows-ix86+x86_64