CRAN Package Check Results for Package MCMCprecision

Last updated on 2022-01-24 23:54:32 CET.

Flavor Version Tinstall Tcheck Ttotal Status Flags
r-devel-linux-x86_64-debian-clang 0.4.0 86.08 81.30 167.38 NOTE
r-devel-linux-x86_64-debian-gcc 0.4.0 70.23 62.19 132.42 NOTE
r-devel-linux-x86_64-fedora-clang 0.4.0 248.62 NOTE
r-devel-linux-x86_64-fedora-gcc 0.4.0 230.01 NOTE
r-devel-windows-x86_64-new-UL 0.4.0 111.00 125.00 236.00 NOTE
r-devel-windows-x86_64-new-TK 0.4.0 NOTE
r-patched-linux-x86_64 0.4.0 81.78 79.63 161.41 NOTE
r-release-linux-x86_64 0.4.0 86.19 78.83 165.02 NOTE
r-release-macos-arm64 0.4.0 NOTE
r-release-macos-x86_64 0.4.0 NOTE
r-release-windows-ix86+x86_64 0.4.0 213.00 137.00 350.00 NOTE
r-oldrel-macos-x86_64 0.4.0 NOTE
r-oldrel-windows-ix86+x86_64 0.4.0 214.00 137.00 351.00 OK

Check Details

Version: 0.4.0
Check: LazyData
Result: NOTE
     'LazyData' is specified without a 'data' directory
Flavors: r-devel-linux-x86_64-debian-clang, r-devel-linux-x86_64-debian-gcc, r-devel-linux-x86_64-fedora-clang, r-devel-linux-x86_64-fedora-gcc, r-devel-windows-x86_64-new-UL, r-devel-windows-x86_64-new-TK, r-patched-linux-x86_64, r-release-linux-x86_64, r-release-macos-arm64, r-release-macos-x86_64, r-release-windows-ix86+x86_64

Version: 0.4.0
Check: installed package size
Result: NOTE
     installed size is 15.3Mb
     sub-directories of 1Mb or more:
     libs 14.7Mb
Flavors: r-devel-linux-x86_64-fedora-clang, r-release-macos-arm64, r-release-macos-x86_64, r-oldrel-macos-x86_64

Version: 0.4.0
Check: Rd cross-references
Result: NOTE
    Undeclared package ‘coda’ in Rd xrefs
Flavor: r-devel-linux-x86_64-fedora-clang