CRAN Package Check Results for Package MBNMAtime

Last updated on 2021-04-21 23:48:07 CEST.

Flavor Version Tinstall Tcheck Ttotal Status Flags
r-devel-linux-x86_64-debian-clang 0.1.3 7.46 358.23 365.69 OK
r-devel-linux-x86_64-debian-gcc 0.1.3 7.46 261.33 268.79 OK
r-devel-linux-x86_64-fedora-clang 0.1.3 446.46 NOTE
r-devel-linux-x86_64-fedora-gcc 0.1.3 457.10 OK
r-devel-windows-ix86+x86_64 0.1.3 16.00 394.00 410.00 OK
r-devel-windows-x86_64-gcc10-UCRT 0.1.3 OK
r-patched-linux-x86_64 0.1.3 10.47 343.97 354.44 WARN
r-patched-solaris-x86 0.1.3 2127.70 WARN
r-release-linux-x86_64 0.1.3 8.68 336.21 344.89 OK
r-release-macos-x86_64 0.1.3 OK
r-release-windows-ix86+x86_64 0.1.3 16.00 390.00 406.00 OK
r-oldrel-macos-x86_64 0.1.3 OK
r-oldrel-windows-ix86+x86_64 0.1.3 22.00 410.00 432.00 OK

Check Details

Version: 0.1.3
Check: Rd cross-references
Result: NOTE
    Undeclared package ‘gemtc’ in Rd xrefs
Flavor: r-devel-linux-x86_64-fedora-clang

Version: 0.1.3
Check: whether package can be installed
Result: WARN
    Found the following significant warnings:
     Rd warning: C:/Users/hp17602/AppData/Local/Temp/RtmpmKFBZa/Rbuild459845806a11/MBNMAtime/man/inconsistency.loops.Rd:29: file link ‘igraph’ in package ‘igraph’ does not exist and so has been treated as a topic
     Rd warning: /tmp/RtmpVk2Tbz/R.INSTALL5227df70ac7/MBNMAtime/man/mb.network.Rd:91: file link ‘igraph’ in package ‘igraph’ does not exist and so has been treated as a topic
     Rd warning: C:/Users/hp17602/AppData/Local/Temp/RtmpmKFBZa/Rbuild459845806a11/MBNMAtime/man/mb.nodesplit.comparisons.Rd:29: file link ‘igraph’ in package ‘igraph’ does not exist and so has been treated as a topic
Flavor: r-patched-linux-x86_64

Version: 0.1.3
Check: re-building of vignette outputs
Result: WARN
    Error(s) in re-building vignettes:
     ...
    --- re-building ‘MBNMAtime.Rmd’ using rmarkdown
    Warning in engine$weave(file, quiet = quiet, encoding = enc) :
     Pandoc (>= 1.12.3) and/or pandoc-citeproc not available. Falling back to R Markdown v1.
    Reference treatment is `plac`
    
    ET50 parameters (beta.2) are on exponential scale to ensure they take positive values on the natural scale
Flavor: r-patched-solaris-x86