CRAN Package Check Results for Package MBNMAdose

Last updated on 2021-04-21 23:48:07 CEST.

Flavor Version Tinstall Tcheck Ttotal Status Flags
r-devel-linux-x86_64-debian-clang 0.3.0 8.48 258.25 266.73 OK
r-devel-linux-x86_64-debian-gcc 0.3.0 7.33 182.05 189.38 OK
r-devel-linux-x86_64-fedora-clang 0.3.0 325.36 NOTE
r-devel-linux-x86_64-fedora-gcc 0.3.0 339.77 NOTE
r-devel-windows-ix86+x86_64 0.3.0 17.00 328.00 345.00 OK
r-devel-windows-x86_64-gcc10-UCRT 0.3.0 NOTE
r-patched-linux-x86_64 0.3.0 8.81 248.83 257.64 WARN
r-patched-solaris-x86 0.3.0 724.80 NOTE
r-release-linux-x86_64 0.3.0 8.72 245.87 254.59 OK
r-release-macos-x86_64 0.3.0 NOTE
r-release-windows-ix86+x86_64 0.3.0 17.00 320.00 337.00 OK
r-oldrel-macos-x86_64 0.3.0 NOTE
r-oldrel-windows-ix86+x86_64 0.3.0 30.00 326.00 356.00 OK

Check Details

Version: 0.3.0
Check: dependencies in R code
Result: NOTE
    Namespaces in Imports field not imported from:
     ‘formatR’ ‘utf8’
     All declared Imports should be used.
Flavors: r-devel-linux-x86_64-fedora-clang, r-devel-linux-x86_64-fedora-gcc, r-devel-windows-x86_64-gcc10-UCRT, r-patched-solaris-x86, r-release-macos-x86_64, r-oldrel-macos-x86_64

Version: 0.3.0
Check: data for non-ASCII characters
Result: NOTE
     Note: found 6 marked Latin-1 strings
Flavors: r-devel-linux-x86_64-fedora-clang, r-devel-linux-x86_64-fedora-gcc, r-devel-windows-x86_64-gcc10-UCRT, r-patched-solaris-x86, r-release-macos-x86_64, r-oldrel-macos-x86_64

Version: 0.3.0
Check: whether package can be installed
Result: WARN
    Found the following significant warnings:
     Rd warning: /tmp/RtmpfuWla1/R.INSTALL4a43e9e6582/MBNMAdose/man/cumrank.Rd:18: file link ‘readWKT’ in package ‘rgeos’ does not exist and so has been treated as a topic
     Rd warning: C:/Users/hp17602/AppData/Local/Temp/RtmpqoifUH/Rbuild292c5521114b/MBNMAdose/man/inconsistency.loops.Rd:48: file link ‘igraph’ in package ‘igraph’ does not exist and so has been treated as a topic
     Rd warning: /tmp/RtmpfuWla1/R.INSTALL4a43e9e6582/MBNMAdose/man/mbnma.network.Rd:121: file link ‘igraph’ in package ‘igraph’ does not exist and so has been treated as a topic
Flavor: r-patched-linux-x86_64