CRAN Package Check Results for Package MBCbook

Last updated on 2019-09-15 23:46:24 CEST.

Flavor Version Tinstall Tcheck Ttotal Status Flags
r-devel-linux-x86_64-debian-clang 0.1.1 4.08 49.11 53.19 OK
r-devel-linux-x86_64-debian-gcc 0.1.1 3.38 37.75 41.13 OK
r-devel-linux-x86_64-fedora-clang 0.1.1 61.17 NOTE
r-devel-linux-x86_64-fedora-gcc 0.1.1 60.01 NOTE
r-devel-windows-ix86+x86_64 0.1.1 12.00 91.00 103.00 OK
r-patched-linux-x86_64 0.1.1 3.36 47.14 50.50 OK
r-patched-solaris-x86 0.1.1 89.70 NOTE
r-release-linux-x86_64 0.1.1 3.25 47.19 50.44 OK
r-release-windows-ix86+x86_64 0.1.1 9.00 68.00 77.00 OK
r-release-osx-x86_64 0.1.1 NOTE
r-oldrel-windows-ix86+x86_64 0.1.1 6.00 55.00 61.00 OK
r-oldrel-osx-x86_64 0.1.1 NOTE

Check Details

Version: 0.1.1
Check: data for non-ASCII characters
Result: NOTE
     Note: found 66 marked UTF-8 strings
Flavors: r-devel-linux-x86_64-fedora-clang, r-devel-linux-x86_64-fedora-gcc, r-patched-solaris-x86, r-release-osx-x86_64, r-oldrel-osx-x86_64