CRAN Package Check Results for Package MAclinical

Last updated on 2020-02-17 00:49:16 CET.

Flavor Version Tinstall Tcheck Ttotal Status Flags
r-devel-linux-x86_64-debian-clang 1.0-5 11.35 99.68 111.03 NOTE
r-devel-linux-x86_64-debian-gcc 1.0-5 10.87 78.94 89.81 NOTE
r-devel-linux-x86_64-fedora-clang 1.0-5 136.04 NOTE
r-devel-windows-ix86+x86_64 1.0-5 24.00 113.00 137.00 NOTE
r-devel-windows-ix86+x86_64-gcc8 1.0-5 44.00 151.00 195.00 NOTE
r-patched-linux-x86_64 1.0-5 9.07 88.30 97.37 NOTE
r-patched-solaris-x86 1.0-5 184.00 NOTE
r-release-linux-x86_64 1.0-5 10.24 87.18 97.42 NOTE
r-release-windows-ix86+x86_64 1.0-5 23.00 112.00 135.00 NOTE
r-release-osx-x86_64 1.0-5 NOTE
r-oldrel-windows-ix86+x86_64 1.0-5 12.00 121.00 133.00 NOTE
r-oldrel-osx-x86_64 1.0-5 NOTE

Check Details

Version: 1.0-5
Check: R code for possible problems
Result: NOTE
    logistic_z: no visible global function definition for 'glm'
    logistic_z: no visible binding for global variable 'binomial'
    logistic_z: no visible global function definition for 'predict'
    plsrf_x: no visible global function definition for 'qnorm'
    plsrf_x: no visible global function definition for 'predict'
    plsrf_x_pv: no visible global function definition for 'qnorm'
    plsrf_x_pv: no visible global function definition for 'predict'
    plsrf_xz: no visible global function definition for 'qnorm'
    plsrf_xz: no visible global function definition for 'predict'
    plsrf_xz_pv: no visible global function definition for 'qnorm'
    plsrf_xz_pv: no visible global function definition for 'predict'
    rf_z: no visible global function definition for 'qnorm'
    rf_z: no visible global function definition for 'predict'
    simuldata_list: no visible global function definition for 'rnorm'
    simuldatacluster_list: no visible global function definition for
     'rnorm'
    svm_x: no visible global function definition for 'predict'
    Undefined global functions or variables:
     binomial glm predict qnorm rnorm
    Consider adding
     importFrom("stats", "binomial", "glm", "predict", "qnorm", "rnorm")
    to your NAMESPACE file.
Flavors: r-devel-linux-x86_64-debian-clang, r-devel-linux-x86_64-debian-gcc, r-devel-linux-x86_64-fedora-clang, r-devel-windows-ix86+x86_64, r-devel-windows-ix86+x86_64-gcc8, r-patched-linux-x86_64, r-patched-solaris-x86, r-release-linux-x86_64, r-release-windows-ix86+x86_64, r-release-osx-x86_64, r-oldrel-windows-ix86+x86_64, r-oldrel-osx-x86_64