CRAN Package Check Results for Package MARSSVRhybrid

Last updated on 2022-12-02 23:50:32 CET.

Flavor Version Tinstall Tcheck Ttotal Status Flags
r-devel-linux-x86_64-debian-clang 0.1.0 2.30 26.39 28.69 NOTE
r-devel-linux-x86_64-debian-gcc 0.1.0 1.85 21.28 23.13 NOTE
r-devel-linux-x86_64-fedora-clang 0.1.0 47.52 NOTE
r-devel-linux-x86_64-fedora-gcc 0.1.0 48.42 NOTE
r-devel-windows-x86_64 0.1.0 11.00 56.00 67.00 NOTE
r-patched-linux-x86_64 0.1.0 2.41 25.76 28.17 NOTE
r-release-linux-x86_64 0.1.0 2.12 25.77 27.89 NOTE
r-release-macos-arm64 0.1.0 20.00 NOTE
r-release-macos-x86_64 0.1.0 22.00 NOTE
r-release-windows-x86_64 0.1.0 12.00 56.00 68.00 NOTE
r-oldrel-macos-arm64 0.1.0 25.00 NOTE
r-oldrel-macos-x86_64 0.1.0 28.00 NOTE
r-oldrel-windows-ix86+x86_64 0.1.0 6.00 51.00 57.00 NOTE

Check Details

Version: 0.1.0
Check: LazyData
Result: NOTE
     'LazyData' is specified without a 'data' directory
Flavors: r-devel-linux-x86_64-debian-clang, r-devel-linux-x86_64-debian-gcc, r-devel-linux-x86_64-fedora-clang, r-devel-linux-x86_64-fedora-gcc, r-devel-windows-x86_64, r-patched-linux-x86_64, r-release-linux-x86_64, r-release-macos-arm64, r-release-macos-x86_64, r-release-windows-x86_64, r-oldrel-macos-arm64, r-oldrel-macos-x86_64, r-oldrel-windows-ix86+x86_64