CRAN Package Check Results for Package MAP

Last updated on 2022-01-23 23:50:21 CET.

Flavor Version Tinstall Tcheck Ttotal Status Flags
r-devel-linux-x86_64-debian-clang 0.1.3 9.79 81.16 90.95 NOTE
r-devel-linux-x86_64-debian-gcc 0.1.3 7.83 72.29 80.12 NOTE
r-devel-linux-x86_64-fedora-clang 0.1.3 108.99 NOTE
r-devel-linux-x86_64-fedora-gcc 0.1.3 99.12 NOTE
r-devel-windows-x86_64-new-UL 0.1.3 16.00 96.00 112.00 NOTE
r-devel-windows-x86_64-new-TK 0.1.3 NOTE
r-patched-linux-x86_64 0.1.3 8.67 78.72 87.39 NOTE
r-release-linux-x86_64 0.1.3 8.98 78.29 87.27 NOTE
r-release-macos-arm64 0.1.3 NOTE
r-release-macos-x86_64 0.1.3 NOTE
r-release-windows-ix86+x86_64 0.1.3 20.00 93.00 113.00 NOTE
r-oldrel-macos-x86_64 0.1.3 OK
r-oldrel-windows-ix86+x86_64 0.1.3 20.00 92.00 112.00 OK

Check Details

Version: 0.1.3
Check: LazyData
Result: NOTE
     'LazyData' is specified without a 'data' directory
Flavors: r-devel-linux-x86_64-debian-clang, r-devel-linux-x86_64-debian-gcc, r-devel-linux-x86_64-fedora-clang, r-devel-linux-x86_64-fedora-gcc, r-devel-windows-x86_64-new-UL, r-devel-windows-x86_64-new-TK, r-patched-linux-x86_64, r-release-linux-x86_64, r-release-macos-arm64, r-release-macos-x86_64, r-release-windows-ix86+x86_64