Last updated on 2022-07-06 23:52:48 CEST.
Flavor | Version | Tinstall | Tcheck | Ttotal | Status | Flags |
---|---|---|---|---|---|---|
r-devel-linux-x86_64-debian-clang | 2.6.2 | 228.89 | 180.72 | 409.61 | OK | |
r-devel-linux-x86_64-debian-gcc | 2.6.2 | 189.13 | 131.61 | 320.74 | OK | |
r-devel-linux-x86_64-fedora-clang | 2.6.2 | 608.90 | NOTE | |||
r-devel-linux-x86_64-fedora-gcc | 2.6.2 | 563.73 | OK | |||
r-devel-windows-x86_64 | 2.6.2 | 352.00 | 213.00 | 565.00 | NOTE | |
r-patched-linux-x86_64 | 2.6.2 | 206.42 | 167.17 | 373.59 | OK | |
r-release-linux-x86_64 | 2.6.2 | 206.02 | 164.19 | 370.21 | OK | |
r-release-macos-arm64 | 2.6.2 | 122.00 | NOTE | |||
r-release-macos-x86_64 | 2.6.2 | 204.00 | NOTE | |||
r-release-windows-x86_64 | 2.6.2 | 357.00 | 211.00 | 568.00 | NOTE | |
r-oldrel-macos-arm64 | 2.6.2 | 125.00 | NOTE | |||
r-oldrel-macos-x86_64 | 2.6.2 | 152.00 | NOTE | |||
r-oldrel-windows-ix86+x86_64 | 2.6.2 | 559.00 | 265.00 | 824.00 | NOTE |
Version: 2.6.2
Check: installed package size
Result: NOTE
installed size is 8.0Mb
sub-directories of 1Mb or more:
R 1.5Mb
data 2.3Mb
libs 3.8Mb
Flavors: r-devel-linux-x86_64-fedora-clang, r-devel-windows-x86_64, r-release-macos-arm64, r-release-macos-x86_64, r-release-windows-x86_64, r-oldrel-macos-arm64, r-oldrel-macos-x86_64, r-oldrel-windows-ix86+x86_64