CRAN Package Check Results for Package MAGEE

Last updated on 2022-01-21 23:48:51 CET.

Flavor Version Tinstall Tcheck Ttotal Status Flags
r-devel-linux-x86_64-debian-clang 1.0.1 89.98 291.02 381.00 OK
r-devel-linux-x86_64-debian-gcc 1.0.1 72.56 219.21 291.77 OK
r-devel-linux-x86_64-fedora-clang 1.0.1 519.70 NOTE
r-devel-linux-x86_64-fedora-gcc 1.0.1 488.67 OK
r-devel-windows-x86_64-new-UL 1.0.1 130.00 329.00 459.00 NOTE
r-devel-windows-x86_64-new-TK 1.0.1 NOTE
r-patched-linux-x86_64 1.0.1 84.86 281.97 366.83 OK
r-release-linux-x86_64 1.0.1 66.74 281.83 348.57 OK
r-release-macos-arm64 1.0.1 NOTE
r-release-macos-x86_64 1.0.1 NOTE
r-release-windows-ix86+x86_64 1.0.1 238.00 445.00 683.00 NOTE
r-oldrel-macos-x86_64 1.0.1 NOTE
r-oldrel-windows-ix86+x86_64 1.0.1 238.00 441.00 679.00 NOTE

Check Details

Version: 1.0.1
Check: installed package size
Result: NOTE
     installed size is 6.7Mb
     sub-directories of 1Mb or more:
     data 1.1Mb
     libs 4.6Mb
Flavors: r-devel-linux-x86_64-fedora-clang, r-release-macos-arm64, r-release-macos-x86_64, r-oldrel-macos-x86_64

Version: 1.0.1
Check: package dependencies
Result: NOTE
    Package suggested but not available for checking: 'doMC'
Flavors: r-devel-windows-x86_64-new-UL, r-devel-windows-x86_64-new-TK, r-release-windows-ix86+x86_64, r-oldrel-windows-ix86+x86_64