CRAN Package Check Results for Package MADPop

Last updated on 2019-11-10 23:48:31 CET.

Flavor Version Tinstall Tcheck Ttotal Status Flags
r-devel-linux-x86_64-debian-clang 1.1.2 101.58 148.57 250.15 NOTE
r-devel-linux-x86_64-debian-gcc 1.1.2 95.95 109.02 204.97 NOTE
r-devel-linux-x86_64-fedora-clang 1.1.2 323.25 NOTE
r-devel-linux-x86_64-fedora-gcc 1.1.2 341.63 NOTE
r-devel-windows-ix86+x86_64 1.1.2 191.00 217.00 408.00 NOTE
r-patched-linux-x86_64 1.1.2 98.97 137.76 236.73 NOTE
r-patched-solaris-x86 1.1.2 396.70 NOTE
r-release-linux-x86_64 1.1.2 96.98 138.84 235.82 NOTE
r-release-windows-ix86+x86_64 1.1.2 250.00 261.00 511.00 NOTE
r-release-osx-x86_64 1.1.2 NOTE
r-oldrel-windows-ix86+x86_64 1.1.2 236.00 274.00 510.00 NOTE
r-oldrel-osx-x86_64 1.1.2 NOTE

Check Details

Version: 1.1.2
Check: for GNU extensions in Makefiles
Result: NOTE
    GNU make is a SystemRequirements.
Flavors: r-devel-linux-x86_64-debian-clang, r-devel-linux-x86_64-debian-gcc, r-devel-linux-x86_64-fedora-clang, r-devel-linux-x86_64-fedora-gcc, r-devel-windows-ix86+x86_64, r-patched-linux-x86_64, r-patched-solaris-x86, r-release-linux-x86_64, r-release-windows-ix86+x86_64, r-release-osx-x86_64, r-oldrel-windows-ix86+x86_64, r-oldrel-osx-x86_64

Version: 1.1.2
Check: installed package size
Result: NOTE
     installed size is 24.9Mb
     sub-directories of 1Mb or more:
     libs 24.6Mb
Flavors: r-devel-linux-x86_64-fedora-clang, r-release-osx-x86_64, r-oldrel-osx-x86_64