CRAN Package Check Results for Package MADPop

Last updated on 2019-07-15 00:50:38 CEST.

Flavor Version Tinstall Tcheck Ttotal Status Flags
r-devel-linux-x86_64-debian-clang 1.1.2 91.69 151.87 243.56 NOTE
r-devel-linux-x86_64-debian-gcc 1.1.2 88.56 114.88 203.44 NOTE
r-devel-linux-x86_64-fedora-clang 1.1.2 324.86 NOTE
r-devel-linux-x86_64-fedora-gcc 1.1.2 343.09 NOTE
r-devel-windows-ix86+x86_64 1.1.2 175.00 211.00 386.00 NOTE
r-patched-linux-x86_64 1.1.2 100.69 145.82 246.51 NOTE
r-patched-solaris-x86 1.1.2 416.50 NOTE
r-release-linux-x86_64 1.1.2 100.83 145.28 246.11 NOTE
r-release-windows-ix86+x86_64 1.1.2 170.00 294.00 464.00 NOTE
r-release-osx-x86_64 1.1.2 NOTE
r-oldrel-windows-ix86+x86_64 1.1.2 239.00 254.00 493.00 NOTE
r-oldrel-osx-x86_64 1.1.2 NOTE

Check Details

Version: 1.1.2
Check: for GNU extensions in Makefiles
Result: NOTE
    GNU make is a SystemRequirements.
Flavors: r-devel-linux-x86_64-debian-clang, r-devel-linux-x86_64-debian-gcc, r-devel-linux-x86_64-fedora-clang, r-devel-linux-x86_64-fedora-gcc, r-devel-windows-ix86+x86_64, r-patched-linux-x86_64, r-patched-solaris-x86, r-release-linux-x86_64, r-release-windows-ix86+x86_64, r-release-osx-x86_64, r-oldrel-windows-ix86+x86_64, r-oldrel-osx-x86_64

Version: 1.1.2
Check: installed package size
Result: NOTE
     installed size is 24.2Mb
     sub-directories of 1Mb or more:
     libs 23.9Mb
Flavors: r-devel-linux-x86_64-fedora-clang, r-release-osx-x86_64, r-oldrel-osx-x86_64