CRAN Package Check Results for Package LocFDRPois

Last updated on 2019-10-20 23:47:28 CEST.

Flavor Version Tinstall Tcheck Ttotal Status Flags
r-devel-linux-x86_64-debian-clang 1.0.0 3.81 34.38 38.19 NOTE
r-devel-linux-x86_64-debian-gcc 1.0.0 3.07 27.43 30.50 NOTE
r-devel-linux-x86_64-fedora-clang 1.0.0 47.50 NOTE
r-devel-linux-x86_64-fedora-gcc 1.0.0 45.81 NOTE
r-devel-windows-ix86+x86_64 1.0.0 10.00 51.00 61.00 NOTE
r-patched-linux-x86_64 1.0.0 3.03 33.45 36.48 NOTE
r-patched-solaris-x86 1.0.0 70.20 NOTE
r-release-linux-x86_64 1.0.0 3.50 33.05 36.55 NOTE
r-release-windows-ix86+x86_64 1.0.0 14.00 52.00 66.00 NOTE
r-release-osx-x86_64 1.0.0 NOTE
r-oldrel-windows-ix86+x86_64 1.0.0 4.00 51.00 55.00 NOTE
r-oldrel-osx-x86_64 1.0.0 NOTE

Check Details

Version: 1.0.0
Check: R code for possible problems
Result: NOTE
    AnalyticalOptim: no visible global function definition for 'optim'
    LLConstructor : LL: no visible global function definition for 'dpois'
    MixtureDensity: no visible global function definition for 'glm'
    MixtureDensity : f_hat: no visible global function definition for
     'predict'
    NullDensity : f0: no visible global function definition for 'dpois'
    Undefined global functions or variables:
     dpois glm optim predict
    Consider adding
     importFrom("stats", "dpois", "glm", "optim", "predict")
    to your NAMESPACE file.
Flavors: r-devel-linux-x86_64-debian-clang, r-devel-linux-x86_64-debian-gcc, r-devel-linux-x86_64-fedora-clang, r-devel-linux-x86_64-fedora-gcc, r-devel-windows-ix86+x86_64, r-patched-linux-x86_64, r-patched-solaris-x86, r-release-linux-x86_64, r-release-windows-ix86+x86_64, r-release-osx-x86_64, r-oldrel-windows-ix86+x86_64, r-oldrel-osx-x86_64