Last updated on 2022-08-18 23:58:29 CEST.
Flavor | Version | Tinstall | Tcheck | Ttotal | Status | Flags |
---|---|---|---|---|---|---|
r-devel-linux-x86_64-debian-clang | 1.1.0 | 6.15 | 61.21 | 67.36 | NOTE | |
r-devel-linux-x86_64-debian-gcc | 1.1.0 | 5.40 | 46.97 | 52.37 | NOTE | |
r-devel-linux-x86_64-fedora-clang | 1.1.0 | 94.47 | NOTE | |||
r-devel-linux-x86_64-fedora-gcc | 1.1.0 | 100.68 | NOTE | |||
r-devel-windows-x86_64 | 1.1.0 | 43.00 | 98.00 | 141.00 | NOTE | |
r-patched-linux-x86_64 | 1.1.0 | 6.55 | 57.42 | 63.97 | OK | |
r-release-linux-x86_64 | 1.1.0 | OK | ||||
r-release-macos-arm64 | 1.1.0 | 25.00 | OK | |||
r-release-macos-x86_64 | 1.1.0 | 37.00 | OK | |||
r-release-windows-x86_64 | 1.1.0 | 37.00 | 95.00 | 132.00 | OK | |
r-oldrel-macos-arm64 | 1.1.0 | 29.00 | OK | |||
r-oldrel-macos-x86_64 | 1.1.0 | 57.00 | OK | |||
r-oldrel-windows-ix86+x86_64 | 1.1.0 | 13.00 | 88.00 | 101.00 | OK |
Version: 1.1.0
Check: package subdirectories
Result: NOTE
Problems with news in 'NEWS.md':
No news entries found.
Flavors: r-devel-linux-x86_64-debian-clang, r-devel-linux-x86_64-debian-gcc, r-devel-linux-x86_64-fedora-clang, r-devel-linux-x86_64-fedora-gcc, r-devel-windows-x86_64
Version: 1.1.0
Check: HTML version of manual
Result: NOTE
Found the following math rendering problems:
WLindley.Rd:54: Undefined control sequence: \label in ...e^{-\theta x} \label{density-weight...
Flavors: r-devel-linux-x86_64-debian-clang, r-devel-linux-x86_64-debian-gcc, r-devel-linux-x86_64-fedora-clang, r-devel-linux-x86_64-fedora-gcc, r-devel-windows-x86_64
Version: 1.1.0
Check: Rd cross-references
Result: NOTE
Undeclared package ‘actuar’ in Rd xrefs
Flavor: r-devel-linux-x86_64-fedora-clang