Last updated on 2021-03-02 23:48:35 CET.
Flavor | Version | Tinstall | Tcheck | Ttotal | Status | Flags |
---|---|---|---|---|---|---|
r-devel-linux-x86_64-debian-clang | 1.2.0 | OK | ||||
r-devel-linux-x86_64-debian-gcc | 1.2.0 | 9.13 | 76.05 | 85.18 | OK | |
r-devel-linux-x86_64-fedora-clang | 1.2.0 | 156.40 | NOTE | |||
r-devel-linux-x86_64-fedora-gcc | 1.2.0 | 132.54 | NOTE | |||
r-devel-windows-ix86+x86_64 | 1.2.0 | 26.00 | 125.00 | 151.00 | OK | |
r-patched-linux-x86_64 | 1.2.0 | 10.99 | 93.79 | 104.78 | OK | |
r-patched-solaris-x86 | 1.2.0 | 199.00 | NOTE | |||
r-release-linux-x86_64 | 1.2.0 | 11.06 | 94.01 | 105.07 | OK | |
r-release-macos-x86_64 | 1.2.0 | NOTE | ||||
r-release-windows-ix86+x86_64 | 1.2.0 | 24.00 | 102.00 | 126.00 | OK | |
r-oldrel-macos-x86_64 | 1.2.0 | NOTE | ||||
r-oldrel-windows-ix86+x86_64 | 1.2.0 | 24.00 | 120.00 | 144.00 | OK |
Version: 1.2.0
Check: dependencies in R code
Result: NOTE
Namespaces in Imports field not imported from:
‘SnowballC’ ‘data.table’ ‘e1071’ ‘fastmatch’
All declared Imports should be used.
Flavors: r-devel-linux-x86_64-fedora-clang, r-devel-linux-x86_64-fedora-gcc, r-patched-solaris-x86, r-release-macos-x86_64, r-oldrel-macos-x86_64