CRAN Package Check Results for Package LakeMetabolizer

Last updated on 2020-09-27 23:49:29 CEST.

Flavor Version Tinstall Tcheck Ttotal Status Flags
r-devel-linux-x86_64-debian-clang 1.5.0 7.90 43.17 51.07 OK
r-devel-linux-x86_64-debian-gcc 1.5.0 6.02 33.32 39.34 OK
r-devel-linux-x86_64-fedora-clang 1.5.0 68.98 NOTE
r-devel-linux-x86_64-fedora-gcc 1.5.0 59.33 NOTE
r-devel-windows-ix86+x86_64 1.5.0 18.00 76.00 94.00 OK
r-patched-linux-x86_64 1.5.0 6.79 41.18 47.97 OK
r-patched-solaris-x86 1.5.0 79.80 OK
r-release-linux-x86_64 1.5.0 7.87 41.37 49.24 OK
r-release-macos-x86_64 1.5.0 OK
r-release-windows-ix86+x86_64 1.5.0 33.00 74.00 107.00 OK
r-oldrel-macos-x86_64 1.5.0 OK
r-oldrel-windows-ix86+x86_64 1.5.0 18.00 82.00 100.00 OK

Check Details

Version: 1.5.0
Check: compiled code
Result: NOTE
    File ‘LakeMetabolizer/libs/LakeMetabolizer.so’:
     Found no calls to: ‘R_registerRoutines’, ‘R_useDynamicSymbols’
    
    It is good practice to register native routines and to disable symbol
    search.
    
    See ‘Writing portable packages’ in the ‘Writing R Extensions’ manual.
Flavors: r-devel-linux-x86_64-fedora-clang, r-devel-linux-x86_64-fedora-gcc