CRAN Package Check Results for Package LaF

Last updated on 2019-10-20 23:47:28 CEST.

Flavor Version Tinstall Tcheck Ttotal Status Flags
r-devel-linux-x86_64-debian-clang 0.8.0 97.91 37.20 135.11 NOTE
r-devel-linux-x86_64-debian-gcc 0.8.0 59.69 29.77 89.46 NOTE
r-devel-linux-x86_64-fedora-clang 0.8.0 198.29 NOTE
r-devel-linux-x86_64-fedora-gcc 0.8.0 167.35 NOTE
r-devel-windows-ix86+x86_64 0.8.0 175.00 72.00 247.00 OK
r-patched-linux-x86_64 0.8.0 68.57 36.71 105.28 OK
r-patched-solaris-x86 0.8.0 174.80 OK
r-release-linux-x86_64 0.8.0 71.04 36.94 107.98 OK
r-release-windows-ix86+x86_64 0.8.0 261.00 72.00 333.00 OK
r-release-osx-x86_64 0.8.0 OK
r-oldrel-windows-ix86+x86_64 0.8.0 180.00 70.00 250.00 OK
r-oldrel-osx-x86_64 0.8.0 OK

Check Details

Version: 0.8.0
Check: for non-standard things in the check directory
Result: NOTE
    Found the following files/directories:
     'tmp.bla' 'tmp.csv' 'tmp.dat' 'tmp.yaml' 'tmp2.csv'
Flavors: r-devel-linux-x86_64-debian-clang, r-devel-linux-x86_64-debian-gcc, r-devel-linux-x86_64-fedora-clang, r-devel-linux-x86_64-fedora-gcc