CRAN Package Check Results for Package LaF

Last updated on 2019-07-15 00:50:37 CEST.

Flavor Version Tinstall Tcheck Ttotal Status Flags
r-devel-linux-x86_64-debian-clang 0.8.0 84.56 37.80 122.36 NOTE
r-devel-linux-x86_64-debian-gcc 0.8.0 59.97 30.43 90.40 NOTE
r-devel-linux-x86_64-fedora-clang 0.8.0 190.21 NOTE
r-devel-linux-x86_64-fedora-gcc 0.8.0 166.21 NOTE
r-devel-windows-ix86+x86_64 0.8.0 219.00 76.00 295.00 OK
r-patched-linux-x86_64 0.8.0 73.19 37.45 110.64 OK
r-patched-solaris-x86 0.8.0 183.40 OK
r-release-linux-x86_64 0.8.0 72.77 37.55 110.32 OK
r-release-windows-ix86+x86_64 0.8.0 174.00 106.00 280.00 OK
r-release-osx-x86_64 0.8.0 OK
r-oldrel-windows-ix86+x86_64 0.8.0 256.00 95.00 351.00 OK
r-oldrel-osx-x86_64 0.8.0 OK

Check Details

Version: 0.8.0
Check: for non-standard things in the check directory
Result: NOTE
    Found the following files/directories:
     'tmp.bla' 'tmp.csv' 'tmp.dat' 'tmp.yaml' 'tmp2.csv'
Flavors: r-devel-linux-x86_64-debian-clang, r-devel-linux-x86_64-debian-gcc, r-devel-linux-x86_64-fedora-clang, r-devel-linux-x86_64-fedora-gcc