CRAN Package Check Results for Package LW1949

Last updated on 2020-05-24 23:47:48 CEST.

Flavor Version Tinstall Tcheck Ttotal Status Flags
r-devel-linux-x86_64-debian-clang 1.1.0 8.70 80.60 89.30 OK
r-devel-linux-x86_64-debian-gcc 1.1.0 7.64 62.86 70.50 OK
r-devel-linux-x86_64-fedora-clang 1.1.0 114.78 OK
r-devel-linux-x86_64-fedora-gcc 1.1.0 109.05 OK
r-devel-windows-ix86+x86_64 1.1.0 24.00 87.00 111.00 OK
r-patched-linux-x86_64 1.1.0 9.38 80.31 89.69 OK
r-patched-solaris-x86 1.1.0 159.40 OK
r-release-linux-x86_64 1.1.0 9.49 80.34 89.83 OK
r-release-osx-x86_64 1.1.0 OK
r-release-windows-ix86+x86_64 1.1.0 17.00 118.00 135.00 OK
r-oldrel-osx-x86_64 1.1.0 FAIL
r-oldrel-windows-ix86+x86_64 1.1.0 15.00 114.00 129.00 OK

Check Details

Version: 1.1.0
Check: whether package can be installed
Result: FAIL
Flavor: r-oldrel-osx-x86_64