Last updated on 2022-06-28 23:54:08 CEST.
Flavor | Version | Tinstall | Tcheck | Ttotal | Status | Flags |
---|---|---|---|---|---|---|
r-devel-linux-x86_64-debian-clang | 2.1.5-2 | 12.44 | 103.99 | 116.43 | OK | |
r-devel-linux-x86_64-debian-gcc | 2.1.5-2 | 8.55 | 76.62 | 85.17 | OK | |
r-devel-linux-x86_64-fedora-clang | 2.1.5-2 | 157.86 | NOTE | |||
r-devel-linux-x86_64-fedora-gcc | 2.1.5-2 | 145.29 | NOTE | |||
r-devel-windows-x86_64 | 2.1.5-2 | 20.00 | 122.00 | 142.00 | OK | |
r-patched-linux-x86_64 | 2.1.5-2 | 11.60 | 97.74 | 109.34 | OK | |
r-release-linux-x86_64 | 2.1.5-2 | 10.11 | 99.83 | 109.94 | OK | |
r-release-macos-arm64 | 2.1.5-2 | 45.00 | NOTE | |||
r-release-macos-x86_64 | 2.1.5-2 | 60.00 | NOTE | |||
r-release-windows-x86_64 | 2.1.5-2 | 26.00 | 129.00 | 155.00 | OK | |
r-oldrel-macos-arm64 | 2.1.5-2 | 46.00 | NOTE | |||
r-oldrel-macos-x86_64 | 2.1.5-2 | 56.00 | NOTE | |||
r-oldrel-windows-ix86+x86_64 | 2.1.5-2 | 26.00 | 122.00 | 148.00 | OK |
Version: 2.1.5-2
Check: dependencies in R code
Result: NOTE
Namespace in Imports field not imported from: ‘mix’
All declared Imports should be used.
Flavors: r-devel-linux-x86_64-fedora-clang, r-devel-linux-x86_64-fedora-gcc, r-release-macos-arm64, r-release-macos-x86_64, r-oldrel-macos-arm64, r-oldrel-macos-x86_64