CRAN Package Check Results for Package LSX

Last updated on 2021-04-22 23:49:44 CEST.

Flavor Version Tinstall Tcheck Ttotal Status Flags
r-devel-linux-x86_64-debian-clang 0.9.9 12.42 246.97 259.39 OK
r-devel-linux-x86_64-debian-gcc 0.9.9 9.62 194.93 204.55 OK
r-devel-linux-x86_64-fedora-clang 0.9.9 317.75 NOTE
r-devel-linux-x86_64-fedora-gcc 0.9.9 323.95 NOTE
r-devel-windows-ix86+x86_64 0.9.8 28.00 266.00 294.00 OK
r-devel-windows-x86_64-gcc10-UCRT 0.9.9 NOTE
r-patched-linux-x86_64 0.9.8 15.83 239.04 254.87 OK
r-patched-solaris-x86 0.9.9 686.40 NOTE
r-release-linux-x86_64 0.9.9 12.62 245.33 257.95 OK
r-release-macos-x86_64 0.9.9 NOTE
r-release-windows-ix86+x86_64 0.9.9 29.00 281.00 310.00 OK
r-oldrel-macos-x86_64 0.9.9 NOTE
r-oldrel-windows-ix86+x86_64 0.9.9 23.00 267.00 290.00 OK

Check Details

Version: 0.9.9
Check: data for non-ASCII characters
Result: NOTE
     Note: found 2096 marked UTF-8 strings
Flavors: r-devel-linux-x86_64-fedora-clang, r-devel-linux-x86_64-fedora-gcc, r-devel-windows-x86_64-gcc10-UCRT, r-patched-solaris-x86, r-release-macos-x86_64, r-oldrel-macos-x86_64