CRAN Package Check Results for Package LSD

Last updated on 2020-09-26 23:46:37 CEST.

Flavor Version Tinstall Tcheck Ttotal Status Flags
r-devel-linux-x86_64-debian-clang 4.1-0 8.28 72.22 80.50 OK
r-devel-linux-x86_64-debian-gcc 4.1-0 6.91 52.16 59.07 OK
r-devel-linux-x86_64-fedora-clang 4.1-0 103.09 OK
r-devel-linux-x86_64-fedora-gcc 4.1-0 96.15 OK
r-devel-windows-ix86+x86_64 4.1-0 14.00 93.00 107.00 OK
r-patched-linux-x86_64 4.1-0 7.58 67.45 75.03 OK
r-patched-solaris-x86 4.1-0 132.80 OK
r-release-linux-x86_64 4.1-0 8.25 67.47 75.72 OK
r-release-macos-x86_64 4.1-0 OK
r-release-windows-ix86+x86_64 4.1-0 13.00 91.00 104.00 OK
r-oldrel-macos-x86_64 4.1-0 NOTE
r-oldrel-windows-ix86+x86_64 4.1-0 15.00 95.00 110.00 NOTE

Check Details

Version: 4.1-0
Check: R code for possible problems
Result: NOTE
    LSD.daltonize: no visible global function definition for ‘plot’
    LSD.demotour: no visible global function definition for ‘plot’
    LSD.disco: no visible global function definition for ‘plot’
    LSD.display.colorpalette: no visible global function definition for
     ‘plot’
    LSD.distinctcolors: no visible global function definition for ‘plot’
    LSD.ellipsescatter: no visible global function definition for ‘plot’
    LSD.heathist: no visible global function definition for ‘plot’
    LSD.heatscatter: no visible global function definition for ‘plot’
    LSD.intersphere: no visible global function definition for ‘plot’
    LSD.linesplot: no visible global function definition for ‘plot’
    LSD.msdplot: no visible global function definition for ‘plot’
    LSD.plotmatrix: no visible global function definition for ‘plot’
    daltonize: no visible global function definition for ‘plot’
    demotour: no visible global function definition for ‘plot’
    disco: no visible global function definition for ‘plot’
    display.colorpalette: no visible global function definition for ‘plot’
    distinctcolors: no visible global function definition for ‘plot’
    ellipsescatter: no visible global function definition for ‘plot’
    heathist: no visible global function definition for ‘plot’
    heatscatter: no visible global function definition for ‘plot’
    intersphere: no visible global function definition for ‘plot’
    linesplot: no visible global function definition for ‘plot’
    msdplot: no visible global function definition for ‘plot’
    plotmatrix: no visible global function definition for ‘plot’
    Undefined global functions or variables:
     plot
    Consider adding
     importFrom("graphics", "plot")
    to your NAMESPACE file.
Flavors: r-oldrel-macos-x86_64, r-oldrel-windows-ix86+x86_64