CRAN Package Check Results for Package LN0SCIs

Last updated on 2019-10-13 23:47:23 CEST.

Flavor Version Tinstall Tcheck Ttotal Status Flags
r-devel-linux-x86_64-debian-clang 0.1.5 1.91 27.73 29.64 NOTE
r-devel-linux-x86_64-debian-gcc 0.1.5 2.09 22.52 24.61 NOTE
r-devel-linux-x86_64-fedora-clang 0.1.5 38.07 OK
r-devel-linux-x86_64-fedora-gcc 0.1.5 37.13 OK
r-devel-windows-ix86+x86_64 0.1.5 14.00 39.00 53.00 NOTE
r-patched-linux-x86_64 0.1.5 2.16 27.97 30.13 OK
r-patched-solaris-x86 0.1.5 48.50 OK
r-release-linux-x86_64 0.1.5 1.82 28.11 29.93 OK
r-release-windows-ix86+x86_64 0.1.5 7.00 51.00 58.00 OK
r-release-osx-x86_64 0.1.5 OK
r-oldrel-windows-ix86+x86_64 0.1.5 3.00 40.00 43.00 OK
r-oldrel-osx-x86_64 0.1.5 OK

Check Details

Version: 0.1.5
Check: package vignettes
Result: NOTE
    Package vignette with placeholder title 'Vignette Title':
     'LN0SCIs-tutorial.Rmd'
Flavors: r-devel-linux-x86_64-debian-clang, r-devel-linux-x86_64-debian-gcc, r-devel-windows-ix86+x86_64