CRAN Package Check Results for Package LN0SCIs

Last updated on 2020-05-24 23:47:47 CEST.

Flavor Version Tinstall Tcheck Ttotal Status Flags
r-devel-linux-x86_64-debian-clang 0.1.5 2.11 30.59 32.70 NOTE
r-devel-linux-x86_64-debian-gcc 0.1.5 1.78 24.13 25.91 NOTE
r-devel-linux-x86_64-fedora-clang 0.1.5 41.80 OK
r-devel-linux-x86_64-fedora-gcc 0.1.5 40.00 OK
r-devel-windows-ix86+x86_64 0.1.5 12.00 37.00 49.00 NOTE
r-patched-linux-x86_64 0.1.5 2.63 30.83 33.46 NOTE
r-patched-solaris-x86 0.1.5 53.80 OK
r-release-linux-x86_64 0.1.5 2.16 30.74 32.90 NOTE
r-release-osx-x86_64 0.1.5 OK
r-release-windows-ix86+x86_64 0.1.5 5.00 53.00 58.00 NOTE
r-oldrel-osx-x86_64 0.1.5 OK
r-oldrel-windows-ix86+x86_64 0.1.5 5.00 58.00 63.00 OK

Check Details

Version: 0.1.5
Check: package vignettes
Result: NOTE
    Package vignette with placeholder title 'Vignette Title':
     'LN0SCIs-tutorial.Rmd'
Flavors: r-devel-linux-x86_64-debian-clang, r-devel-linux-x86_64-debian-gcc, r-devel-windows-ix86+x86_64, r-patched-linux-x86_64, r-release-linux-x86_64, r-release-windows-ix86+x86_64