CRAN Package Check Results for Package LMfilteR

Last updated on 2022-06-30 23:52:17 CEST.

Flavor Version Tinstall Tcheck Ttotal Status Flags
r-devel-linux-x86_64-debian-clang 0.1.3 2.30 24.00 26.30 NOTE
r-devel-linux-x86_64-debian-gcc 0.1.3 2.25 18.50 20.75 NOTE
r-devel-linux-x86_64-fedora-clang 0.1.3 45.08 NOTE
r-devel-linux-x86_64-fedora-gcc 0.1.3 42.60 NOTE
r-devel-windows-x86_64 0.1.3 14.00 50.00 64.00 NOTE
r-patched-linux-x86_64 0.1.3 2.67 23.43 26.10 NOTE
r-release-linux-x86_64 0.1.3 2.40 23.02 25.42 NOTE
r-release-macos-arm64 0.1.3 15.00 NOTE
r-release-macos-x86_64 0.1.3 19.00 NOTE
r-release-windows-x86_64 0.1.3 13.00 48.00 61.00 NOTE
r-oldrel-macos-arm64 0.1.3 19.00 NOTE
r-oldrel-macos-x86_64 0.1.3 26.00 NOTE
r-oldrel-windows-ix86+x86_64 0.1.3 6.00 39.00 45.00 NOTE

Check Details

Version: 0.1.3
Check: LazyData
Result: NOTE
     'LazyData' is specified without a 'data' directory
Flavors: r-devel-linux-x86_64-debian-clang, r-devel-linux-x86_64-debian-gcc, r-devel-linux-x86_64-fedora-clang, r-devel-linux-x86_64-fedora-gcc, r-devel-windows-x86_64, r-patched-linux-x86_64, r-release-linux-x86_64, r-release-macos-arm64, r-release-macos-x86_64, r-release-windows-x86_64, r-oldrel-macos-arm64, r-oldrel-macos-x86_64, r-oldrel-windows-ix86+x86_64