CRAN Package Check Results for Package LLSR

Last updated on 2020-05-24 23:47:47 CEST.

Flavor Version Tinstall Tcheck Ttotal Status Flags
r-devel-linux-x86_64-debian-clang 0.0.2.19 9.96 74.57 84.53 OK
r-devel-linux-x86_64-debian-gcc 0.0.2.19 8.11 56.85 64.96 OK
r-devel-linux-x86_64-fedora-clang 0.0.2.19 107.28 NOTE
r-devel-linux-x86_64-fedora-gcc 0.0.2.19 102.19 NOTE
r-devel-windows-ix86+x86_64 0.0.2.19 28.00 123.00 151.00 OK
r-patched-linux-x86_64 0.0.2.19 11.37 72.93 84.30 OK
r-release-linux-x86_64 0.0.2.19 8.77 72.81 81.58 OK
r-release-osx-x86_64 0.0.2.19 NOTE
r-release-windows-ix86+x86_64 0.0.2.19 20.00 115.00 135.00 OK
r-oldrel-osx-x86_64 0.0.2.19 NOTE
r-oldrel-windows-ix86+x86_64 0.0.2.19 20.00 106.00 126.00 OK

Check Details

Version: 0.0.2.19
Check: data for non-ASCII characters
Result: NOTE
     Note: found 109 marked UTF-8 strings
Flavors: r-devel-linux-x86_64-fedora-clang, r-devel-linux-x86_64-fedora-gcc, r-release-osx-x86_64, r-oldrel-osx-x86_64