CRAN Package Check Results for Package LLSR

Last updated on 2021-04-21 23:48:06 CEST.

Flavor Version Tinstall Tcheck Ttotal Status Flags
r-devel-linux-x86_64-debian-clang 0.0.3.1 8.74 70.70 79.44 OK
r-devel-linux-x86_64-debian-gcc 0.0.3.1 7.98 52.35 60.33 OK
r-devel-linux-x86_64-fedora-clang 0.0.3.1 104.28 OK
r-devel-linux-x86_64-fedora-gcc 0.0.3.1 97.29 OK
r-devel-windows-ix86+x86_64 0.0.3.1 20.00 90.00 110.00 OK
r-devel-windows-x86_64-gcc10-UCRT 0.0.3.1 OK
r-patched-linux-x86_64 0.0.3.1 8.93 64.36 73.29 WARN
r-release-linux-x86_64 0.0.3.1 7.99 64.18 72.17 OK
r-release-macos-x86_64 0.0.3.1 OK
r-release-windows-ix86+x86_64 0.0.3.1 19.00 90.00 109.00 OK
r-oldrel-macos-x86_64 0.0.3.1 OK
r-oldrel-windows-ix86+x86_64 0.0.3.1 36.00 85.00 121.00 OK

Check Details

Version: 0.0.3.1
Check: whether package can be installed
Result: WARN
    Found the following significant warnings:
     Rd warning: /tmp/RtmpqHfYCG/R.INSTALL69ed226c0d98/LLSR/man/AQSysCurve.Rd:47: file link ‘plot’ in package ‘graphics’ does not exist and so has been treated as a topic
     Rd warning: /tmp/RtmpqHfYCG/R.INSTALL69ed226c0d98/LLSR/man/AQSysCurve.Rd:92: file link ‘graphical parameters’ in package ‘graphics’ does not exist and so has been treated as a topic
Flavor: r-patched-linux-x86_64