CRAN Package Check Results for Package LLSR

Last updated on 2019-07-22 06:47:41 CEST.

Flavor Version Tinstall Tcheck Ttotal Status Flags
r-devel-linux-x86_64-debian-clang 0.0.2.19 9.08 65.49 74.57 OK
r-devel-linux-x86_64-debian-gcc 0.0.2.19 7.64 51.69 59.33 OK
r-devel-linux-x86_64-fedora-clang 0.0.2.19 87.25 NOTE
r-devel-linux-x86_64-fedora-gcc 0.0.2.19 83.89 NOTE
r-devel-windows-ix86+x86_64 0.0.2.19 16.00 70.00 86.00 OK
r-patched-linux-x86_64 0.0.2.19 9.99 63.25 73.24 OK
r-patched-solaris-x86 0.0.2.19 138.50 NOTE
r-release-linux-x86_64 0.0.2.19 8.87 63.49 72.36 OK
r-release-windows-ix86+x86_64 0.0.2.19 20.00 81.00 101.00 OK
r-release-osx-x86_64 0.0.2.19 NOTE
r-oldrel-windows-ix86+x86_64 0.0.2.19 17.00 103.00 120.00 OK
r-oldrel-osx-x86_64 0.0.2.19 NOTE

Check Details

Version: 0.0.2.19
Check: data for non-ASCII characters
Result: NOTE
     Note: found 109 marked UTF-8 strings
Flavors: r-devel-linux-x86_64-fedora-clang, r-devel-linux-x86_64-fedora-gcc, r-patched-solaris-x86, r-release-osx-x86_64, r-oldrel-osx-x86_64