CRAN Package Check Results for Package LCox

Last updated on 2019-10-13 23:47:23 CEST.

Flavor Version Tinstall Tcheck Ttotal Status Flags
r-devel-linux-x86_64-debian-clang 0.1.0 7.46 88.26 95.72 NOTE
r-devel-linux-x86_64-debian-gcc 0.1.0 7.83 67.30 75.13 NOTE
r-devel-linux-x86_64-fedora-clang 0.1.0 113.95 NOTE
r-devel-linux-x86_64-fedora-gcc 0.1.0 111.26 NOTE
r-devel-windows-ix86+x86_64 0.1.0 23.00 136.00 159.00 OK
r-patched-linux-x86_64 0.1.0 8.64 83.16 91.80 OK
r-patched-solaris-x86 0.1.0 164.00 OK
r-release-linux-x86_64 0.1.0 7.41 83.63 91.04 OK
r-release-windows-ix86+x86_64 0.1.0 29.00 93.00 122.00 OK
r-release-osx-x86_64 0.1.0 OK
r-oldrel-windows-ix86+x86_64 0.1.0 11.00 91.00 102.00 OK
r-oldrel-osx-x86_64 0.1.0 OK

Check Details

Version: 0.1.0
Check: for non-standard things in the check directory
Result: NOTE
    Found the following files/directories:
     'fitted.pdf'
Flavors: r-devel-linux-x86_64-debian-clang, r-devel-linux-x86_64-debian-gcc, r-devel-linux-x86_64-fedora-clang, r-devel-linux-x86_64-fedora-gcc