CRAN Package Check Results for Package LCox

Last updated on 2020-05-24 23:47:47 CEST.

Flavor Version Tinstall Tcheck Ttotal Status Flags
r-devel-linux-x86_64-debian-clang 0.1.0 10.00 114.77 124.77 NOTE
r-devel-linux-x86_64-debian-gcc 0.1.0 8.97 84.74 93.71 NOTE
r-devel-linux-x86_64-fedora-clang 0.1.0 152.60 NOTE
r-devel-linux-x86_64-fedora-gcc 0.1.0 142.33 NOTE
r-devel-windows-ix86+x86_64 0.1.0 48.00 120.00 168.00 OK
r-patched-linux-x86_64 0.1.0 9.43 111.48 120.91 NOTE
r-patched-solaris-x86 0.1.0 218.10 NOTE
r-release-linux-x86_64 0.1.0 8.02 110.45 118.47 NOTE
r-release-osx-x86_64 0.1.0 OK
r-release-windows-ix86+x86_64 0.1.0 35.00 165.00 200.00 OK
r-oldrel-osx-x86_64 0.1.0 OK
r-oldrel-windows-ix86+x86_64 0.1.0 21.00 117.00 138.00 OK

Check Details

Version: 0.1.0
Check: for non-standard things in the check directory
Result: NOTE
    Found the following files/directories:
     'fitted.pdf'
Flavors: r-devel-linux-x86_64-debian-clang, r-devel-linux-x86_64-debian-gcc, r-devel-linux-x86_64-fedora-clang, r-devel-linux-x86_64-fedora-gcc, r-patched-linux-x86_64, r-patched-solaris-x86, r-release-linux-x86_64