CRAN Package Check Results for Package JumpTest

Last updated on 2020-09-27 23:49:29 CEST.

Flavor Version Tinstall Tcheck Ttotal Status Flags
r-devel-linux-x86_64-debian-clang 1.1 23.35 93.95 117.30 NOTE
r-devel-linux-x86_64-debian-gcc 1.1 16.40 65.99 82.39 NOTE
r-devel-linux-x86_64-fedora-clang 1.1 151.16 OK
r-devel-linux-x86_64-fedora-gcc 1.1 139.70 OK
r-devel-windows-ix86+x86_64 1.1 61.00 161.00 222.00 NOTE
r-patched-linux-x86_64 1.1 17.05 89.69 106.74 NOTE
r-patched-solaris-x86 1.1 182.30 OK
r-release-linux-x86_64 1.1 16.49 91.77 108.26 NOTE
r-release-macos-x86_64 1.1 OK
r-release-windows-ix86+x86_64 1.1 60.00 165.00 225.00 NOTE
r-oldrel-macos-x86_64 1.1 OK
r-oldrel-windows-ix86+x86_64 1.1 51.00 136.00 187.00 OK

Check Details

Version: 1.1
Check: package vignettes
Result: NOTE
    Package vignette with placeholder title 'Vignette Title':
     'jumptest.Rmd'
Flavors: r-devel-linux-x86_64-debian-clang, r-devel-linux-x86_64-debian-gcc, r-devel-windows-ix86+x86_64, r-patched-linux-x86_64, r-release-linux-x86_64, r-release-windows-ix86+x86_64