CRAN Package Check Results for Package Jmisc

Last updated on 2019-12-08 23:47:26 CET.

Flavor Version Tinstall Tcheck Ttotal Status Flags
r-devel-linux-x86_64-debian-clang 0.3.1 2.21 18.91 21.12 NOTE
r-devel-linux-x86_64-debian-gcc 0.3.1 1.61 14.90 16.51 NOTE
r-devel-linux-x86_64-fedora-clang 0.3.1 26.00 NOTE
r-devel-linux-x86_64-fedora-gcc 0.3.1 24.04 NOTE
r-devel-windows-ix86+x86_64 0.3.1 4.00 31.00 35.00 NOTE
r-devel-windows-ix86+x86_64-gcc8 0.3.1 5.00 32.00 37.00 NOTE
r-patched-linux-x86_64 0.3.1 1.70 17.37 19.07 NOTE
r-patched-solaris-x86 0.3.1 37.00 NOTE
r-release-linux-x86_64 0.3.1 1.41 17.61 19.02 NOTE
r-release-windows-ix86+x86_64 0.3.1 6.00 31.00 37.00 NOTE
r-release-osx-x86_64 0.3.1 NOTE
r-oldrel-windows-ix86+x86_64 0.3.1 3.00 30.00 33.00 NOTE
r-oldrel-osx-x86_64 0.3.1 NOTE

Check Details

Version: 0.3.1
Check: DESCRIPTION meta-information
Result: NOTE
    Malformed Description field: should contain one or more complete sentences.
    BugReports field is not a suitable URL but contains an email address:
     use the Contact field instead
Flavors: r-devel-linux-x86_64-debian-clang, r-devel-linux-x86_64-debian-gcc, r-devel-linux-x86_64-fedora-clang, r-devel-linux-x86_64-fedora-gcc, r-devel-windows-ix86+x86_64, r-devel-windows-ix86+x86_64-gcc8, r-patched-linux-x86_64, r-patched-solaris-x86

Version: 0.3.1
Check: R code for possible problems
Result: NOTE
    JBTest: no visible global function definition for 'pchisq'
    generateSignificance: no visible global function definition for 'pnorm'
    packages: no visible global function definition for 'install.packages'
    shift: no visible global function definition for 'tail'
    shift: no visible global function definition for 'head'
    splitBy: no visible global function definition for 'head'
    Undefined global functions or variables:
     head install.packages pchisq pnorm tail
    Consider adding
     importFrom("stats", "pchisq", "pnorm")
     importFrom("utils", "head", "install.packages", "tail")
    to your NAMESPACE file.
Flavors: r-devel-linux-x86_64-debian-clang, r-devel-linux-x86_64-debian-gcc, r-devel-linux-x86_64-fedora-clang, r-devel-linux-x86_64-fedora-gcc, r-devel-windows-ix86+x86_64, r-devel-windows-ix86+x86_64-gcc8, r-patched-linux-x86_64, r-patched-solaris-x86, r-release-linux-x86_64, r-release-windows-ix86+x86_64, r-release-osx-x86_64, r-oldrel-windows-ix86+x86_64, r-oldrel-osx-x86_64

Version: 0.3.1
Check: DESCRIPTION meta-information
Result: NOTE
    Malformed Description field: should contain one or more complete sentences.
    BugReports field is not a suitable URL but contains an email address
     which will be used as from R 3.4.0
Flavors: r-release-linux-x86_64, r-release-windows-ix86+x86_64, r-release-osx-x86_64, r-oldrel-windows-ix86+x86_64, r-oldrel-osx-x86_64