CRAN Package Check Results for Package JGR

Last updated on 2019-09-15 23:46:22 CEST.

Flavor Version Tinstall Tcheck Ttotal Status Flags
r-devel-linux-x86_64-debian-clang 1.8-6 4.95 35.81 40.76 OK
r-devel-linux-x86_64-debian-gcc 1.8-6 3.56 28.14 31.70 OK
r-devel-linux-x86_64-fedora-clang 1.8-6 46.64 OK
r-devel-linux-x86_64-fedora-gcc 1.8-6 45.91 OK
r-devel-windows-ix86+x86_64 1.8-6 9.00 5.00 14.00 ERROR
r-patched-linux-x86_64 1.8-6 4.30 34.77 39.07 OK
r-patched-solaris-x86 1.8-6 70.30 OK
r-release-linux-x86_64 1.8-6 4.65 33.56 38.21 OK
r-release-windows-ix86+x86_64 1.8-6 12.00 63.00 75.00 OK
r-release-osx-x86_64 1.8-6 OK --install=fake
r-oldrel-windows-ix86+x86_64 1.8-6 9.00 46.00 55.00 OK
r-oldrel-osx-x86_64 1.8-6 OK --install=fake

Check Details

Version: 1.8-6
Check: whether package can be installed
Result: ERROR
    Installation failed.
Flavor: r-devel-windows-ix86+x86_64