CRAN Package Check Results for Package JFM

Last updated on 2023-09-21 00:56:34 CEST.

Flavor Version Tinstall Tcheck Ttotal Status Flags
r-devel-linux-x86_64-debian-clang 1.0 42.03 78.17 120.20 NOTE
r-devel-linux-x86_64-debian-gcc 1.0 29.09 57.38 86.47 NOTE
r-devel-linux-x86_64-fedora-clang 1.0 155.36 NOTE
r-devel-linux-x86_64-fedora-gcc 1.0 161.68 NOTE
r-devel-windows-x86_64 1.0 33.00 101.00 134.00 NOTE
r-patched-linux-x86_64 1.0 36.53 76.99 113.52 NOTE
r-release-linux-x86_64 1.0 29.85 77.60 107.45 NOTE
r-release-macos-arm64 1.0 42.00 NOTE
r-release-macos-x86_64 1.0 63.00 NOTE
r-release-windows-x86_64 1.0 45.00 113.00 158.00 NOTE
r-oldrel-macos-arm64 1.0 39.00 NOTE
r-oldrel-macos-x86_64 1.0 53.00 NOTE
r-oldrel-windows-x86_64 1.0 44.00 103.00 147.00 NOTE

Check Details

Version: 1.0
Check: C++ specification
Result: NOTE
     Specified C++11: please drop specification unless essential
Flavors: r-devel-linux-x86_64-debian-clang, r-devel-linux-x86_64-debian-gcc, r-devel-linux-x86_64-fedora-clang, r-devel-linux-x86_64-fedora-gcc, r-devel-windows-x86_64, r-patched-linux-x86_64, r-release-linux-x86_64, r-release-macos-arm64, r-release-macos-x86_64, r-release-windows-x86_64

Version: 1.0
Check: installed package size
Result: NOTE
     installed size is 5.9Mb
     sub-directories of 1Mb or more:
     extdata 5.5Mb
Flavors: r-devel-linux-x86_64-fedora-clang, r-devel-windows-x86_64, r-release-macos-arm64, r-release-macos-x86_64, r-release-windows-x86_64, r-oldrel-macos-arm64, r-oldrel-macos-x86_64, r-oldrel-windows-x86_64