CRAN Package Check Results for Package JFM

Last updated on 2022-11-26 23:58:18 CET.

Flavor Version Tinstall Tcheck Ttotal Status Flags
r-devel-linux-x86_64-debian-clang 1.0 42.01 75.19 117.20 OK
r-devel-linux-x86_64-debian-gcc 1.0 31.97 57.76 89.73 OK
r-devel-linux-x86_64-fedora-clang 1.0 165.86 NOTE
r-devel-linux-x86_64-fedora-gcc 1.0 156.00 OK
r-devel-windows-x86_64 1.0 43.00 125.00 168.00 NOTE
r-patched-linux-x86_64 1.0 OK
r-release-linux-x86_64 1.0 35.96 72.26 108.22 OK
r-release-macos-arm64 1.0 39.00 NOTE
r-release-macos-x86_64 1.0 53.00 NOTE
r-release-windows-x86_64 1.0 44.00 120.00 164.00 NOTE
r-oldrel-macos-arm64 1.0 35.00 NOTE
r-oldrel-macos-x86_64 1.0 52.00 NOTE
r-oldrel-windows-ix86+x86_64 1.0 102.00 157.00 259.00 NOTE

Check Details

Version: 1.0
Check: installed package size
Result: NOTE
     installed size is 5.9Mb
     sub-directories of 1Mb or more:
     extdata 5.5Mb
Flavors: r-devel-linux-x86_64-fedora-clang, r-devel-windows-x86_64, r-release-macos-arm64, r-release-macos-x86_64, r-release-windows-x86_64, r-oldrel-macos-arm64, r-oldrel-macos-x86_64, r-oldrel-windows-ix86+x86_64