CRAN Package Check Results for Package JBTools

Last updated on 2019-10-20 23:47:27 CEST.

Flavor Version Tinstall Tcheck Ttotal Status Flags
r-devel-linux-x86_64-debian-clang 0.7.2.9 3.23 25.05 28.28 NOTE
r-devel-linux-x86_64-debian-gcc 0.7.2.9 2.47 20.13 22.60 NOTE
r-devel-linux-x86_64-fedora-clang 0.7.2.9 34.90 NOTE
r-devel-linux-x86_64-fedora-gcc 0.7.2.9 33.98 NOTE
r-devel-windows-ix86+x86_64 0.7.2.9 8.00 42.00 50.00 NOTE
r-patched-linux-x86_64 0.7.2.9 2.49 25.24 27.73 NOTE
r-patched-solaris-x86 0.7.2.9 NOTE
r-release-linux-x86_64 0.7.2.9 3.00 25.09 28.09 NOTE
r-release-windows-ix86+x86_64 0.7.2.9 10.00 41.00 51.00 NOTE
r-release-osx-x86_64 0.7.2.9 NOTE
r-oldrel-windows-ix86+x86_64 0.7.2.9 4.00 38.00 42.00 NOTE
r-oldrel-osx-x86_64 0.7.2.9 NOTE

Check Details

Version: 0.7.2.9
Check: R code for possible problems
Result: NOTE
    getSysinfo: no visible global function definition for 'sessionInfo'
    getVecInfo: no visible global function definition for 'sd'
    isSeriesConstant: no visible global function definition for 'median'
    labelMargins: no visible global function definition for 'mtext'
    plotBG: no visible global function definition for 'plot'
    plotBG: no visible global function definition for 'polygon'
    plotBG: no visible global function definition for 'par'
    plotColorScale: no visible global function definition for 'par'
    plotColorScale: no visible global function definition for 'text'
    plotImageRotated: no visible global function definition for
     'heat.colors'
    plotImageRotated: no visible global function definition for 'par'
    plotImageRotated: no visible global function definition for 'plot'
    plotImageRotated: no visible global function definition for 'image'
    plotImageRotated: no visible global function definition for 'axis'
    plotNLines: no visible global function definition for 'par'
    plotNLines: no visible global function definition for 'plot'
    plotNLines: no visible global function definition for 'mtext'
    plotNLines: no visible global function definition for 'axis'
    plotNLines: no visible global function definition for 'points'
    plotNLines: no visible global function definition for 'sd'
    userCoords: no visible global function definition for 'par'
    Undefined global functions or variables:
     axis heat.colors image median mtext par plot points polygon sd
     sessionInfo text
    Consider adding
     importFrom("grDevices", "heat.colors")
     importFrom("graphics", "axis", "image", "mtext", "par", "plot",
     "points", "polygon", "text")
     importFrom("stats", "median", "sd")
     importFrom("utils", "sessionInfo")
    to your NAMESPACE file.
Flavors: r-devel-linux-x86_64-debian-clang, r-devel-linux-x86_64-debian-gcc, r-devel-linux-x86_64-fedora-clang, r-devel-linux-x86_64-fedora-gcc, r-devel-windows-ix86+x86_64, r-patched-linux-x86_64, r-patched-solaris-x86, r-release-linux-x86_64, r-release-windows-ix86+x86_64, r-release-osx-x86_64, r-oldrel-windows-ix86+x86_64, r-oldrel-osx-x86_64

Version: 0.7.2.9
Check: package dependencies
Result: NOTE
    Package suggested but not available for checking: 'doMC'
Flavors: r-devel-windows-ix86+x86_64, r-release-windows-ix86+x86_64, r-oldrel-windows-ix86+x86_64

Version: 0.7.2.9
Check: Rd cross-references
Result: NOTE
    Package unavailable to check Rd xrefs: 'doMC'
Flavors: r-devel-windows-ix86+x86_64, r-release-windows-ix86+x86_64, r-oldrel-windows-ix86+x86_64