Last updated on 2022-05-18 23:52:16 CEST.
Flavor | Version | Tinstall | Tcheck | Ttotal | Status | Flags |
---|---|---|---|---|---|---|
r-devel-linux-x86_64-debian-clang | 0.8.2 | 35.93 | 466.51 | 502.44 | NOTE | |
r-devel-linux-x86_64-debian-gcc | 0.8.2 | 30.10 | 351.70 | 381.80 | NOTE | |
r-devel-linux-x86_64-fedora-clang | 0.8.2 | 581.89 | NOTE | |||
r-devel-linux-x86_64-fedora-gcc | 0.8.2 | 589.53 | NOTE | |||
r-devel-windows-x86_64 | 0.8.2 | 45.00 | 453.00 | 498.00 | OK | |
r-patched-linux-x86_64 | 0.8.2 | 32.45 | 453.42 | 485.87 | NOTE | |
r-release-linux-x86_64 | 0.8.2 | 34.02 | 457.66 | 491.68 | NOTE | |
r-release-macos-arm64 | 0.8.2 | 143.00 | OK | |||
r-release-macos-x86_64 | 0.8.2 | 250.00 | OK | |||
r-release-windows-x86_64 | 0.8.2 | 44.00 | 454.00 | 498.00 | OK | |
r-oldrel-macos-arm64 | 0.8.2 | 152.00 | OK | |||
r-oldrel-macos-x86_64 | 0.8.2 | 275.00 | OK | |||
r-oldrel-windows-ix86+x86_64 | 0.8.2 | 76.00 | 473.00 | 549.00 | OK |
Version: 0.8.2
Check: package dependencies
Result: NOTE
Package suggested but not available for checking: 'RandomFields'
Flavors: r-devel-linux-x86_64-debian-clang, r-devel-linux-x86_64-debian-gcc, r-devel-linux-x86_64-fedora-clang, r-devel-linux-x86_64-fedora-gcc, r-patched-linux-x86_64, r-release-linux-x86_64
Version: 0.8.2
Check: Rd cross-references
Result: NOTE
Unknown package 'RandomFields' in Rd xrefs
Flavors: r-devel-linux-x86_64-debian-clang, r-devel-linux-x86_64-debian-gcc, r-devel-linux-x86_64-fedora-clang, r-devel-linux-x86_64-fedora-gcc, r-patched-linux-x86_64, r-release-linux-x86_64