CRAN Package Check Results for Package Irescale

Last updated on 2022-12-02 23:50:30 CET.

Flavor Version Tinstall Tcheck Ttotal Status Flags
r-devel-linux-x86_64-debian-clang 2.3.0 11.60 161.88 173.48 NOTE
r-devel-linux-x86_64-debian-gcc 2.3.0 8.00 118.06 126.06 NOTE
r-devel-linux-x86_64-fedora-clang 2.3.0 216.01 NOTE
r-devel-linux-x86_64-fedora-gcc 2.3.0 210.29 NOTE
r-devel-windows-x86_64 2.3.0 33.00 199.00 232.00 NOTE
r-patched-linux-x86_64 2.3.0 9.63 144.79 154.42 NOTE
r-release-linux-x86_64 2.3.0 11.28 147.18 158.46 NOTE
r-release-macos-arm64 2.3.0 57.00 NOTE
r-release-macos-x86_64 2.3.0 147.00 NOTE
r-release-windows-x86_64 2.3.0 36.00 194.00 230.00 NOTE
r-oldrel-macos-arm64 2.3.0 77.00 NOTE
r-oldrel-macos-x86_64 2.3.0 140.00 NOTE
r-oldrel-windows-ix86+x86_64 2.3.0 27.00 201.00 228.00 NOTE

Check Details

Version: 2.3.0
Check: LazyData
Result: NOTE
     'LazyData' is specified without a 'data' directory
Flavors: r-devel-linux-x86_64-debian-clang, r-devel-linux-x86_64-debian-gcc, r-devel-linux-x86_64-fedora-clang, r-devel-linux-x86_64-fedora-gcc, r-devel-windows-x86_64, r-patched-linux-x86_64, r-release-linux-x86_64, r-release-macos-arm64, r-release-macos-x86_64, r-release-windows-x86_64, r-oldrel-macos-arm64, r-oldrel-macos-x86_64, r-oldrel-windows-ix86+x86_64