CRAN Package Check Results for Package IntNMF

Last updated on 2021-01-24 23:47:33 CET.

Flavor Version Tinstall Tcheck Ttotal Status Flags
r-devel-linux-x86_64-debian-clang 1.2.0 10.17 125.65 135.82 OK
r-devel-linux-x86_64-debian-gcc 1.2.0 8.27 93.76 102.03 OK
r-devel-linux-x86_64-fedora-clang 1.2.0 164.75 OK
r-devel-linux-x86_64-fedora-gcc 1.2.0 157.79 OK
r-devel-windows-ix86+x86_64 1.2.0 25.00 153.00 178.00 OK
r-patched-linux-x86_64 1.2.0 7.42 115.40 122.82 OK
r-patched-solaris-x86 1.2.0 226.60 OK
r-release-linux-x86_64 1.2.0 9.05 115.39 124.44 OK
r-release-macos-x86_64 1.2.0 OK
r-release-windows-ix86+x86_64 1.2.0 26.00 147.00 173.00 OK
r-oldrel-macos-x86_64 1.2.0 NOTE
r-oldrel-windows-ix86+x86_64 1.2.0 18.00 134.00 152.00 OK

Check Details

Version: 1.2.0
Check: R code for possible problems
Result: NOTE
    .nndsvd.internal: no visible global function definition for ‘runif’
    nmf.mnnals: no visible global function definition for ‘runif’
    nmf.opt.k: no visible global function definition for ‘flush.console’
    nmf.opt.k: no visible global function definition for ‘points’
    nmf.opt.k: no visible global function definition for ‘lines’
    nmf.opt.k: no visible global function definition for ‘mtext’
    Undefined global functions or variables:
     flush.console lines mtext points runif
    Consider adding
     importFrom("graphics", "lines", "mtext", "points")
     importFrom("stats", "runif")
     importFrom("utils", "flush.console")
    to your NAMESPACE file.
Flavor: r-oldrel-macos-x86_64