CRAN Package Check Results for Package IncDTW

Last updated on 2021-02-23 23:50:37 CET.

Flavor Version Tinstall Tcheck Ttotal Status Flags
r-devel-linux-x86_64-debian-clang 1.1.4.2 122.66 87.26 209.92 NOTE
r-devel-linux-x86_64-debian-gcc 1.1.4.2 85.79 65.83 151.62 NOTE
r-devel-linux-x86_64-fedora-clang 1.1.4.2 303.38 NOTE
r-devel-linux-x86_64-fedora-gcc 1.1.4.2 284.03 NOTE
r-devel-windows-ix86+x86_64 1.1.4.2 212.00 123.00 335.00 NOTE
r-patched-linux-x86_64 1.1.4.2 102.57 82.79 185.36 NOTE
r-patched-solaris-x86 1.1.4.2 248.90 NOTE
r-release-linux-x86_64 1.1.4.2 101.62 81.08 182.70 NOTE
r-release-macos-x86_64 1.1.4.2 NOTE
r-release-windows-ix86+x86_64 1.1.4.2 284.00 160.00 444.00 NOTE
r-oldrel-macos-x86_64 1.1.4.2 NOTE
r-oldrel-windows-ix86+x86_64 1.1.4.2 176.00 108.00 284.00 NOTE

Check Details

Version: 1.1.4.2
Check: for GNU extensions in Makefiles
Result: NOTE
    GNU make is a SystemRequirements.
Flavors: r-devel-linux-x86_64-debian-clang, r-devel-linux-x86_64-debian-gcc, r-devel-linux-x86_64-fedora-clang, r-devel-linux-x86_64-fedora-gcc, r-devel-windows-ix86+x86_64, r-patched-linux-x86_64, r-patched-solaris-x86, r-release-linux-x86_64, r-release-macos-x86_64, r-release-windows-ix86+x86_64, r-oldrel-macos-x86_64, r-oldrel-windows-ix86+x86_64

Version: 1.1.4.2
Check: installed package size
Result: NOTE
     installed size is 7.3Mb
     sub-directories of 1Mb or more:
     libs 5.5Mb
Flavors: r-devel-linux-x86_64-fedora-clang, r-release-macos-x86_64, r-oldrel-macos-x86_64