CRAN Package Check Results for Package IgorR

Last updated on 2019-10-20 23:47:27 CEST.

Flavor Version Tinstall Tcheck Ttotal Status Flags
r-devel-linux-x86_64-debian-clang 0.8.1 2.69 22.49 25.18 NOTE
r-devel-linux-x86_64-debian-gcc 0.8.1 2.08 18.32 20.40 NOTE
r-devel-linux-x86_64-fedora-clang 0.8.1 31.02 NOTE
r-devel-linux-x86_64-fedora-gcc 0.8.1 30.52 OK
r-devel-windows-ix86+x86_64 0.8.1 6.00 34.00 40.00 OK
r-patched-linux-x86_64 0.8.1 2.08 22.06 24.14 NOTE
r-patched-solaris-x86 0.8.1 47.40 OK
r-release-linux-x86_64 0.8.1 2.11 22.12 24.23 NOTE
r-release-windows-ix86+x86_64 0.8.1 9.00 34.00 43.00 OK
r-release-osx-x86_64 0.8.1 OK
r-oldrel-windows-ix86+x86_64 0.8.1 3.00 33.00 36.00 OK
r-oldrel-osx-x86_64 0.8.1 OK

Check Details

Version: 0.8.1
Check: R code for possible problems
Result: NOTE
    Found the following assignments to the global environment:
    File 'IgorR/R/ReadIgorBinary.R':
     assign(WaveName, rval, envir = .GlobalEnv)
Flavors: r-devel-linux-x86_64-debian-clang, r-devel-linux-x86_64-debian-gcc, r-devel-linux-x86_64-fedora-clang, r-patched-linux-x86_64, r-release-linux-x86_64