CRAN Package Check Results for Package IgorR

Last updated on 2019-07-15 00:50:35 CEST.

Flavor Version Tinstall Tcheck Ttotal Status Flags
r-devel-linux-x86_64-debian-clang 0.8.1 2.39 22.77 25.16 NOTE
r-devel-linux-x86_64-debian-gcc 0.8.1 1.92 18.68 20.60 NOTE
r-devel-linux-x86_64-fedora-clang 0.8.1 31.16 NOTE
r-devel-linux-x86_64-fedora-gcc 0.8.1 29.79 OK
r-devel-windows-ix86+x86_64 0.8.1 7.00 36.00 43.00 OK
r-patched-linux-x86_64 0.8.1 2.31 23.35 25.66 NOTE
r-patched-solaris-x86 0.8.1 49.50 OK
r-release-linux-x86_64 0.8.1 2.37 22.81 25.18 NOTE
r-release-windows-ix86+x86_64 0.8.1 5.00 50.00 55.00 OK
r-release-osx-x86_64 0.8.1 OK
r-oldrel-windows-ix86+x86_64 0.8.1 7.00 47.00 54.00 OK
r-oldrel-osx-x86_64 0.8.1 OK

Check Details

Version: 0.8.1
Check: R code for possible problems
Result: NOTE
    Found the following assignments to the global environment:
    File 'IgorR/R/ReadIgorBinary.R':
     assign(WaveName, rval, envir = .GlobalEnv)
Flavors: r-devel-linux-x86_64-debian-clang, r-devel-linux-x86_64-debian-gcc, r-devel-linux-x86_64-fedora-clang, r-patched-linux-x86_64, r-release-linux-x86_64