CRAN Package Check Results for Package ITGM

Last updated on 2019-05-27 02:51:07 CEST.

Flavor Version Tinstall Tcheck Ttotal Status Flags
r-devel-linux-x86_64-debian-clang 0.41 5.80 51.65 57.45 OK
r-devel-linux-x86_64-debian-gcc 0.41 4.62 41.13 45.75 OK
r-devel-linux-x86_64-fedora-clang 0.41 71.21 OK
r-devel-linux-x86_64-fedora-gcc 0.41 68.18 OK
r-devel-windows-ix86+x86_64 0.41 13.00 102.00 115.00 OK
r-patched-linux-x86_64 0.41 OK
r-patched-solaris-x86 0.41 126.40 OK
r-release-linux-x86_64 0.41 6.53 51.36 57.89 OK
r-release-windows-ix86+x86_64 0.41 23.00 98.00 121.00 OK
r-release-osx-x86_64 0.41 FAIL
r-oldrel-windows-ix86+x86_64 0.41 10.00 85.00 95.00 OK
r-oldrel-osx-x86_64 0.41 OK

Check Details

Version: 0.41
Check: whether package can be installed
Result: FAIL
    
Flavor: r-release-osx-x86_64