CRAN Package Check Results for Package ISRaD

Last updated on 2020-10-28 23:47:16 CET.

Flavor Version Tinstall Tcheck Ttotal Status Flags
r-devel-linux-x86_64-debian-clang 1.5.6 13.52 108.65 122.17 OK
r-devel-linux-x86_64-debian-gcc 1.5.6 10.83 81.27 92.10 OK
r-devel-linux-x86_64-fedora-clang 1.5.6 153.44 NOTE
r-devel-linux-x86_64-fedora-gcc 1.5.6 156.31 NOTE
r-devel-windows-ix86+x86_64 1.5.6 29.00 132.00 161.00 OK
r-patched-linux-x86_64 1.5.6 12.65 99.13 111.78 OK
r-patched-solaris-x86 1.5.6 195.30 NOTE
r-release-linux-x86_64 1.5.6 11.99 97.87 109.86 OK
r-release-macos-x86_64 1.5.6 NOTE
r-release-windows-ix86+x86_64 1.5.6 23.00 105.00 128.00 OK
r-oldrel-macos-x86_64 1.5.6 NOTE
r-oldrel-windows-ix86+x86_64 1.5.6 25.00 116.00 141.00 OK

Check Details

Version: 1.5.6
Check: data for non-ASCII characters
Result: NOTE
     Note: found 1 marked UTF-8 string
Flavors: r-devel-linux-x86_64-fedora-clang, r-devel-linux-x86_64-fedora-gcc, r-patched-solaris-x86, r-release-macos-x86_64, r-oldrel-macos-x86_64