CRAN Package Check Results for Package ISOcodes

Last updated on 2019-12-08 23:47:26 CET.

Flavor Version Tinstall Tcheck Ttotal Status Flags
r-devel-linux-x86_64-debian-clang 2019.04.22 1.83 12.54 14.37 OK
r-devel-linux-x86_64-debian-gcc 2019.04.22 1.48 9.84 11.32 OK
r-devel-linux-x86_64-fedora-clang 2019.04.22 18.24 NOTE
r-devel-linux-x86_64-fedora-gcc 2019.04.22 17.77 NOTE
r-devel-windows-ix86+x86_64 2019.04.22 4.00 23.00 27.00 OK
r-devel-windows-ix86+x86_64-gcc8 2019.04.22 4.00 22.00 26.00 OK
r-patched-linux-x86_64 2019.04.22 1.52 11.73 13.25 OK
r-patched-solaris-x86 2019.04.22 26.60 NOTE
r-release-linux-x86_64 2019.04.22 1.26 11.57 12.83 OK
r-release-windows-ix86+x86_64 2019.04.22 4.00 37.00 41.00 OK
r-release-osx-x86_64 2019.04.22 NOTE
r-oldrel-windows-ix86+x86_64 2019.04.22 4.00 26.00 30.00 OK
r-oldrel-osx-x86_64 2019.04.22 NOTE

Check Details

Version: 2019.04.22
Check: data for non-ASCII characters
Result: NOTE
     Note: found 7421 marked UTF-8 strings
Flavors: r-devel-linux-x86_64-fedora-clang, r-devel-linux-x86_64-fedora-gcc, r-patched-solaris-x86, r-release-osx-x86_64, r-oldrel-osx-x86_64