CRAN Package Check Results for Package ISOcodes

Last updated on 2019-08-18 23:47:36 CEST.

Flavor Version Tinstall Tcheck Ttotal Status Flags
r-devel-linux-x86_64-debian-clang 2019.04.22 1.62 12.06 13.68 OK
r-devel-linux-x86_64-debian-gcc 2019.04.22 1.48 9.91 11.39 OK
r-devel-linux-x86_64-fedora-clang 2019.04.22 18.36 NOTE
r-devel-linux-x86_64-fedora-gcc 2019.04.22 17.12 NOTE
r-devel-windows-ix86+x86_64 2019.04.22 6.00 29.00 35.00 OK
r-patched-linux-x86_64 2019.04.22 1.14 12.10 13.24 OK
r-patched-solaris-x86 2019.04.22 29.70 NOTE
r-release-linux-x86_64 2019.04.22 1.43 12.01 13.44 OK
r-release-windows-ix86+x86_64 2019.04.22 4.00 37.00 41.00 OK
r-release-osx-x86_64 2019.04.22 NOTE
r-oldrel-windows-ix86+x86_64 2019.04.22 4.00 26.00 30.00 OK
r-oldrel-osx-x86_64 2019.04.22 NOTE

Check Details

Version: 2019.04.22
Check: data for non-ASCII characters
Result: NOTE
     Note: found 7421 marked UTF-8 strings
Flavors: r-devel-linux-x86_64-fedora-clang, r-devel-linux-x86_64-fedora-gcc, r-patched-solaris-x86, r-release-osx-x86_64, r-oldrel-osx-x86_64