CRAN Package Check Results for Package IRkernel

Last updated on 2020-05-24 23:47:46 CEST.

Flavor Version Tinstall Tcheck Ttotal Status Flags
r-devel-linux-x86_64-debian-clang 1.1 6.13 38.12 44.25 OK
r-devel-linux-x86_64-debian-gcc 1.1 4.46 29.12 33.58 OK
r-devel-linux-x86_64-fedora-clang 1.1 52.71 OK
r-devel-linux-x86_64-fedora-gcc 1.1 49.75 OK
r-devel-windows-ix86+x86_64 1.1 18.00 73.00 91.00 OK
r-patched-linux-x86_64 1.1 5.54 37.58 43.12 OK
r-patched-solaris-x86 1.1 73.00 OK
r-release-linux-x86_64 1.1 4.92 37.45 42.37 OK
r-release-osx-x86_64 1.1 ERROR
r-release-windows-ix86+x86_64 1.1 12.00 66.00 78.00 OK
r-oldrel-osx-x86_64 1.1 OK
r-oldrel-windows-ix86+x86_64 1.1 11.00 61.00 72.00 OK

Check Details

Version: 1.1
Check: package dependencies
Result: ERROR
    Package required but not available: ‘pbdZMQ’
    
    See section ‘The DESCRIPTION file’ in the ‘Writing R Extensions’
    manual.
Flavor: r-release-osx-x86_64