CRAN Package Check Results for Package IPCWK

Last updated on 2022-06-30 23:52:16 CEST.

Flavor Version Tinstall Tcheck Ttotal Status Flags
r-devel-linux-x86_64-debian-clang 1.0 8.16 68.04 76.20 NOTE
r-devel-linux-x86_64-debian-gcc 1.0 6.34 52.64 58.98 NOTE
r-devel-linux-x86_64-fedora-clang 1.0 107.44 NOTE
r-devel-linux-x86_64-fedora-gcc 1.0 102.80 NOTE
r-devel-windows-x86_64 1.0 12.00 91.00 103.00 NOTE
r-patched-linux-x86_64 1.0 5.54 65.77 71.31 NOTE
r-release-linux-x86_64 1.0 7.06 64.81 71.87 NOTE
r-release-macos-arm64 1.0 32.00 NOTE
r-release-macos-x86_64 1.0 44.00 NOTE
r-release-windows-x86_64 1.0 10.00 92.00 102.00 NOTE
r-oldrel-macos-arm64 1.0 37.00 NOTE
r-oldrel-macos-x86_64 1.0 57.00 NOTE
r-oldrel-windows-ix86+x86_64 1.0 17.00 84.00 101.00 NOTE

Check Details

Version: 1.0
Check: LazyData
Result: NOTE
     'LazyData' is specified without a 'data' directory
Flavors: r-devel-linux-x86_64-debian-clang, r-devel-linux-x86_64-debian-gcc, r-devel-linux-x86_64-fedora-clang, r-devel-linux-x86_64-fedora-gcc, r-devel-windows-x86_64, r-patched-linux-x86_64, r-release-linux-x86_64, r-release-macos-arm64, r-release-macos-x86_64, r-release-windows-x86_64, r-oldrel-macos-arm64, r-oldrel-macos-x86_64, r-oldrel-windows-ix86+x86_64