CRAN Package Check Results for Package INSPIRE

Last updated on 2019-08-18 23:47:35 CEST.

Flavor Version Tinstall Tcheck Ttotal Status Flags
r-devel-linux-x86_64-debian-clang 1.5 10.75 74.87 85.62 OK
r-devel-linux-x86_64-debian-gcc 1.5 10.12 59.08 69.20 OK
r-devel-linux-x86_64-fedora-clang 1.5 104.29 NOTE
r-devel-linux-x86_64-fedora-gcc 1.5 100.88 NOTE
r-devel-windows-ix86+x86_64 1.5 33.00 166.00 199.00 OK
r-patched-linux-x86_64 1.5 10.40 71.40 81.80 OK
r-patched-solaris-x86 1.5 162.80 OK
r-release-linux-x86_64 1.5 9.46 71.29 80.75 OK
r-release-windows-ix86+x86_64 1.5 30.00 113.00 143.00 OK
r-release-osx-x86_64 1.5 OK
r-oldrel-windows-ix86+x86_64 1.5 26.00 148.00 174.00 OK
r-oldrel-osx-x86_64 1.5 OK

Check Details

Version: 1.5
Check: compiled code
Result: NOTE
    File ‘INSPIRE/libs/INSPIRE.so’:
     Found no calls to: ‘R_registerRoutines’, ‘R_useDynamicSymbols’
    
    It is good practice to register native routines and to disable symbol
    search.
    
    See ‘Writing portable packages’ in the ‘Writing R Extensions’ manual.
Flavors: r-devel-linux-x86_64-fedora-clang, r-devel-linux-x86_64-fedora-gcc