CRAN Package Check Results for Package INSPIRE

Last updated on 2019-12-08 23:47:25 CET.

Flavor Version Tinstall Tcheck Ttotal Status Flags
r-devel-linux-x86_64-debian-clang 1.5 13.27 89.62 102.89 OK
r-devel-linux-x86_64-debian-gcc 1.5 10.40 68.19 78.59 OK
r-devel-linux-x86_64-fedora-clang 1.5 122.58 NOTE
r-devel-linux-x86_64-fedora-gcc 1.5 112.50 NOTE
r-devel-windows-ix86+x86_64 1.5 36.00 126.00 162.00 OK
r-devel-windows-ix86+x86_64-gcc8 1.5 32.00 126.00 158.00 OK
r-patched-linux-x86_64 1.5 9.89 77.86 87.75 OK
r-patched-solaris-x86 1.5 168.00 OK
r-release-linux-x86_64 1.5 9.99 79.10 89.09 OK
r-release-windows-ix86+x86_64 1.5 24.00 124.00 148.00 OK
r-release-osx-x86_64 1.5 OK
r-oldrel-windows-ix86+x86_64 1.5 19.00 115.00 134.00 OK
r-oldrel-osx-x86_64 1.5 OK

Check Details

Version: 1.5
Check: compiled code
Result: NOTE
    File ‘INSPIRE/libs/INSPIRE.so’:
     Found no calls to: ‘R_registerRoutines’, ‘R_useDynamicSymbols’
    
    It is good practice to register native routines and to disable symbol
    search.
    
    See ‘Writing portable packages’ in the ‘Writing R Extensions’ manual.
Flavors: r-devel-linux-x86_64-fedora-clang, r-devel-linux-x86_64-fedora-gcc