CRAN Package Check Results for Package INSPIRE

Last updated on 2020-09-26 23:46:36 CEST.

Flavor Version Tinstall Tcheck Ttotal Status Flags
r-devel-linux-x86_64-debian-clang 1.5 7.92 51.63 59.55 OK
r-devel-linux-x86_64-debian-gcc 1.5 6.32 39.33 45.65 OK
r-devel-linux-x86_64-fedora-clang 1.5 79.24 NOTE
r-devel-linux-x86_64-fedora-gcc 1.5 71.70 NOTE
r-devel-windows-ix86+x86_64 1.5 22.00 94.00 116.00 OK
r-patched-linux-x86_64 1.5 4.62 47.40 52.02 OK
r-patched-solaris-x86 1.5 106.00 OK
r-release-linux-x86_64 1.5 6.89 48.43 55.32 OK
r-release-macos-x86_64 1.5 OK
r-release-windows-ix86+x86_64 1.5 20.00 95.00 115.00 OK
r-oldrel-macos-x86_64 1.5 OK
r-oldrel-windows-ix86+x86_64 1.5 18.00 88.00 106.00 OK

Check Details

Version: 1.5
Check: compiled code
Result: NOTE
    File ‘INSPIRE/libs/INSPIRE.so’:
     Found no calls to: ‘R_registerRoutines’, ‘R_useDynamicSymbols’
    
    It is good practice to register native routines and to disable symbol
    search.
    
    See ‘Writing portable packages’ in the ‘Writing R Extensions’ manual.
Flavors: r-devel-linux-x86_64-fedora-clang, r-devel-linux-x86_64-fedora-gcc