CRAN Package Check Results for Package INSPIRE

Last updated on 2020-01-19 23:46:46 CET.

Flavor Version Tinstall Tcheck Ttotal Status Flags
r-devel-linux-x86_64-debian-clang 1.5 12.44 90.80 103.24 OK
r-devel-linux-x86_64-debian-gcc 1.5 10.82 68.98 79.80 OK
r-devel-linux-x86_64-fedora-clang 1.5 125.76 NOTE
r-devel-linux-x86_64-fedora-gcc 1.5 123.33 NOTE
r-devel-windows-ix86+x86_64 1.5 49.00 182.00 231.00 OK
r-devel-windows-ix86+x86_64-gcc8 1.5 31.00 125.00 156.00 OK
r-patched-linux-x86_64 1.5 10.15 78.00 88.15 OK
r-patched-solaris-x86 1.5 161.60 OK
r-release-linux-x86_64 1.5 10.87 77.86 88.73 OK
r-release-windows-ix86+x86_64 1.5 46.00 125.00 171.00 OK
r-release-osx-x86_64 1.5 OK
r-oldrel-windows-ix86+x86_64 1.5 25.00 108.00 133.00 OK
r-oldrel-osx-x86_64 1.5 OK

Check Details

Version: 1.5
Check: compiled code
Result: NOTE
    File ‘INSPIRE/libs/INSPIRE.so’:
     Found no calls to: ‘R_registerRoutines’, ‘R_useDynamicSymbols’
    
    It is good practice to register native routines and to disable symbol
    search.
    
    See ‘Writing portable packages’ in the ‘Writing R Extensions’ manual.
Flavors: r-devel-linux-x86_64-fedora-clang, r-devel-linux-x86_64-fedora-gcc