CRAN Package Check Results for Package INDperform

Last updated on 2019-10-20 23:47:27 CEST.

Flavor Version Tinstall Tcheck Ttotal Status Flags
r-devel-linux-x86_64-debian-clang 0.2.1 11.80 197.44 209.24 OK
r-devel-linux-x86_64-debian-gcc 0.2.1 11.50 143.97 155.47 OK
r-devel-linux-x86_64-fedora-clang 0.2.1 236.17 NOTE
r-devel-linux-x86_64-fedora-gcc 0.2.1 239.91 NOTE
r-devel-windows-ix86+x86_64 0.2.1 18.00 188.00 206.00 OK
r-patched-linux-x86_64 0.2.1 12.97 185.23 198.20 OK
r-patched-solaris-x86 0.2.1 316.20 NOTE
r-release-linux-x86_64 0.2.1 13.42 186.70 200.12 OK
r-release-windows-ix86+x86_64 0.2.1 27.00 266.00 293.00 OK
r-release-osx-x86_64 0.2.1 NOTE
r-oldrel-windows-ix86+x86_64 0.2.1 15.00 193.00 208.00 OK
r-oldrel-osx-x86_64 0.2.1 NOTE

Check Details

Version: 0.2.1
Check: dependencies in R code
Result: NOTE
    Namespace in Imports field not imported from: ‘lazyeval’
     All declared Imports should be used.
Flavors: r-devel-linux-x86_64-fedora-clang, r-devel-linux-x86_64-fedora-gcc, r-patched-solaris-x86, r-release-osx-x86_64, r-oldrel-osx-x86_64

Version: 0.2.1
Check: installed package size
Result: NOTE
     installed size is 5.0Mb
     sub-directories of 1Mb or more:
     data 3.1Mb
     help 1.4Mb
Flavor: r-patched-solaris-x86