Last updated on 2021-03-01 23:48:58 CET.
Flavor | Version | Tinstall | Tcheck | Ttotal | Status | Flags |
---|---|---|---|---|---|---|
r-devel-linux-x86_64-debian-clang | 0.1.1 | OK | ||||
r-devel-linux-x86_64-debian-gcc | 0.1.1 | 73.51 | 79.49 | 153.00 | OK | |
r-devel-linux-x86_64-fedora-clang | 0.1.1 | 291.79 | NOTE | |||
r-devel-linux-x86_64-fedora-gcc | 0.1.1 | 268.70 | OK | |||
r-devel-windows-ix86+x86_64 | 0.1.1 | 180.00 | 146.00 | 326.00 | OK | |
r-patched-linux-x86_64 | 0.1.1 | 91.91 | 102.32 | 194.23 | OK | |
r-patched-solaris-x86 | 0.1.1 | 294.40 | OK | |||
r-release-linux-x86_64 | 0.1.1 | 91.33 | 102.48 | 193.81 | OK | |
r-release-macos-x86_64 | 0.1.1 | NOTE | ||||
r-release-windows-ix86+x86_64 | 0.1.1 | 236.00 | 193.00 | 429.00 | OK | |
r-oldrel-macos-x86_64 | 0.1.1 | NOTE | ||||
r-oldrel-windows-ix86+x86_64 | 0.1.1 | 161.00 | 134.00 | 295.00 | OK |
Version: 0.1.1
Check: installed package size
Result: NOTE
installed size is 9.2Mb
sub-directories of 1Mb or more:
libs 7.7Mb
Flavors: r-devel-linux-x86_64-fedora-clang, r-release-macos-x86_64, r-oldrel-macos-x86_64